{"id":9283,"date":"2022-07-07T11:37:43","date_gmt":"2022-07-07T02:37:43","guid":{"rendered":"https:\/\/xavier.vizensoft.com\/wp\/francais\/?page_id=9283"},"modified":"2022-09-28T15:48:28","modified_gmt":"2022-09-28T06:48:28","slug":"temoignages-des-anciens","status":"publish","type":"page","link":"https:\/\/xavier.sc.kr\/wp\/francais\/?page_id=9283","title":{"rendered":"T\u00e9moignages des anciens"},"content":{"rendered":"\t\t<div data-elementor-type=\"wp-page\" data-elementor-id=\"9283\" class=\"elementor elementor-9283\" data-elementor-settings=\"[]\">\n\t\t\t\t\t\t\t<div class=\"elementor-section-wrap\">\n\t\t\t\t\t\t\t<div class=\"elementor-section elementor-top-section elementor-element elementor-element-b7cbd22 elementor-section-full_width elementor-section-stretched sub_visual elementor-section-height-default elementor-section-height-default\" data-id=\"b7cbd22\" data-element_type=\"section\" data-settings=\"{&quot;stretch_section&quot;:&quot;section-stretched&quot;,&quot;background_background&quot;:&quot;classic&quot;}\">\n\t\t\t\t\t\t<div class=\"elementor-container elementor-column-gap-default\">\n\t\t\t\t\t<div class=\"elementor-column elementor-col-100 elementor-top-column elementor-element elementor-element-e813160\" data-id=\"e813160\" data-element_type=\"column\">\n\t\t\t<div class=\"elementor-widget-wrap elementor-element-populated\">\n\t\t\t\t\t\t\t\t<div class=\"elementor-element elementor-element-6101ec7 elementor-widget elementor-widget-heading\" data-id=\"6101ec7\" data-element_type=\"widget\" data-widget_type=\"heading.default\">\n\t\t\t\t<div class=\"elementor-widget-container\">\n\t\t\t<style>\/*! elementor - v3.5.5 - 03-02-2022 *\/\n.elementor-heading-title{padding:0;margin:0;line-height:1}.elementor-widget-heading .elementor-heading-title[class*=elementor-size-]>a{color:inherit;font-size:inherit;line-height:inherit}.elementor-widget-heading .elementor-heading-title.elementor-size-small{font-size:15px}.elementor-widget-heading .elementor-heading-title.elementor-size-medium{font-size:19px}.elementor-widget-heading .elementor-heading-title.elementor-size-large{font-size:29px}.elementor-widget-heading .elementor-heading-title.elementor-size-xl{font-size:39px}.elementor-widget-heading .elementor-heading-title.elementor-size-xxl{font-size:59px}<\/style><h2 class=\"elementor-heading-title elementor-size-default\">COMMUNAUT\u00c9<\/h2>\t\t<\/div>\n\t\t\t\t<\/div>\n\t\t\t\t<div class=\"elementor-element elementor-element-6a909dc elementor-widget elementor-widget-html\" data-id=\"6a909dc\" data-element_type=\"widget\" data-widget_type=\"html.default\">\n\t\t\t\t<div class=\"elementor-widget-container\">\n\t\t\t<div class=\"sub_path\">\n    <a class=\"home\" href=\"\/wp\/\">\n        <img src=\"\/image\/sub_visual_home_btn.png\"\/>\n    <\/a>\n    <div class=\"depth01\">\n        <p>COMMUNAUT\u00c9<\/p>\n    <\/div>\n    <div class=\"depth02\">\n        <p>Alumni<\/p>\n    <\/div>\n<\/div>\t\t<\/div>\n\t\t\t\t<\/div>\n\t\t\t\t\t<\/div>\n\t\t<\/div>\n\t\t\t\t\t\t\t<\/div>\n\t\t<\/div>\n\t\t\t\t<div class=\"elementor-section elementor-top-section elementor-element elementor-element-b9890ee tab_contents02 elementor-section-full_width elementor-section-height-default elementor-section-height-default\" data-id=\"b9890ee\" data-element_type=\"section\">\n\t\t\t\t\t\t<div class=\"elementor-container elementor-column-gap-default\">\n\t\t\t\t\t<div class=\"elementor-column elementor-col-100 elementor-top-column elementor-element elementor-element-2130107\" data-id=\"2130107\" data-element_type=\"column\">\n\t\t\t<div class=\"elementor-widget-wrap elementor-element-populated\">\n\t\t\t\t\t\t\t\t<div class=\"elementor-element elementor-element-956c041 elementor-widget elementor-widget-html\" data-id=\"956c041\" data-element_type=\"widget\" data-widget_type=\"html.default\">\n\t\t\t\t<div class=\"elementor-widget-container\">\n\t\t\t<div class=\"sub_tab grid3\">\r\n\t<div class=\"container container_custom\">\r\n\t\t<ul>\r\n\t\t\t<li><a href=\"\/wp\/francais\/?page_id=9278\"><span>Alumni<\/span><\/a><\/li>\r\n\t\t\t<li><a href=\"\/wp\/francais\/?page_id=9552\"><span>Orientation<\/span><\/a><\/li>\r\n\t\t\t<li class=\"on\"><a href=\"\/wp\/francais\/?page_id=9283\"><span>T\u00e9moignages des anciens<\/span><\/a><\/li>\r\n\t\t<\/ul>\r\n\t<\/div>\r\n<\/div>\r\n<div class=\"sub_tit\">\r\n\t<h3>T\u00e9moignages des anciens<\/h3>\r\n<\/div>\t\t<\/div>\n\t\t\t\t<\/div>\n\t\t\t\t<div class=\"elementor-element elementor-element-08e48b7 program_con elementor-widget elementor-widget-shortcode\" data-id=\"08e48b7\" data-element_type=\"widget\" data-widget_type=\"shortcode.default\">\n\t\t\t\t<div class=\"elementor-widget-container\">\n\t\t\t\t\t<div class=\"elementor-shortcode\"><div class=\"clear\"><\/div><div id=\"mb_top\" class=\"mb-desktop\"><div id=\"alumni_francais_board\" class=\"mb-board\"><div class=\"mb-level-0 mb-name-alumni-francais mb-mode-list mb-skin-bbs-basic\"><script type=\"text\/javascript\">\r\nfunction resizeResponsive(){var nWidth\t= window.innerWidth;if(nWidth>=1200){jQuery(\".mb-desktop\").removeClass(\"mb-desktop\").addClass(\"mb-desktop-large\");jQuery(\".mb-tablet\").removeClass(\"mb-tablet\").addClass(\"mb-desktop-large\");jQuery(\".mb-mobile\").removeClass(\"mb-mobile\").addClass(\"mb-desktop-large\");}else if(nWidth>=992){jQuery(\".mb-desktop-large\").removeClass(\"mb-desktop-large\").addClass(\"mb-desktop\");jQuery(\".mb-tablet\").removeClass(\"mb-tablet\").addClass(\"mb-desktop\");jQuery(\".mb-mobile\").removeClass(\"mb-mobile\").addClass(\"mb-desktop\");}else if(nWidth>=768){jQuery(\".mb-desktop-large\").removeClass(\"mb-desktop-large\").addClass(\"mb-tablet\");jQuery(\".mb-desktop\").removeClass(\"mb-desktop\").addClass(\"mb-tablet\");jQuery(\".mb-mobile\").removeClass(\"mb-mobile\").addClass(\"mb-tablet\");}else if(nWidth<768){jQuery(\".mb-desktop-large\").removeClass(\"mb-desktop-large\").addClass(\"mb-mobile\");jQuery(\".mb-desktop\").removeClass(\"mb-desktop\").addClass(\"mb-mobile\");jQuery(\".mb-tablet\").removeClass(\"mb-tablet\").addClass(\"mb-mobile\");}}if(typeof jQuery != \"undefined\"){ jQuery(window).on(\"resize\",resizeResponsive);resizeResponsive();};var category_text\t\t\t\t= '';mb_categorys[\"value1\"]\t= \"\";mb_categorys[\"value2\"]\t= \"\";mb_categorys[\"value3\"]\t= \"\";mb_urls[\"base\"]\t\t\t\t\t\t= \"https:\/\/xavier.sc.kr\/wp\/francais\/wp-content\/plugins\/mangboard\/\";mb_urls[\"image\"]\t\t\t\t\t\t= \"https:\/\/xavier.sc.kr\/wp\/francais\/wp-content\/plugins\/mangboard\/includes\/mb-file.php\";mb_urls[\"file\"]\t\t\t\t\t\t\t= \"https:\/\/xavier.sc.kr\/wp\/francais\/wp-content\/plugins\/mangboard\/includes\/mb-file.php\";mb_urls[\"search\"]\t\t\t\t\t\t= \"https:\/\/xavier.sc.kr\/wp\/francais\/?page_id=9283&mode=list\";mb_options[\"device_type\"]\t\t= \"desktop\";mb_options[\"mode\"]\t\t\t\t= \"list\";mb_options[\"board_action\"]\t\t\t\t= \"\";mb_options[\"board_name\"]\t\t= \"alumni_francais\";mb_options[\"board_type\"]\t\t\t= \"board\";mb_options[\"table_prefix\"]\t\t\t= \"mb_alumni_francais_\";mb_options[\"pid\"]\t\t\t\t\t= \"\";mb_options[\"nonce\"]\t\t\t\t= \"mb_nonce_value=d1175c4ff0d2eefe011ef424663e7dae&mb_nonce_time=1776397144&wp_nonce_value=4cb2ca1eac&lang=ko_KR\";mb_options[\"list_type\"]\t\t\t\t= \"list\";mb_options[\"search_field\"]\t\t= \"fn_title\";mb_options[\"search_text\"]\t\t\t= \"\";mb_languages[\"selectbox1\"]\t\t= \"\uc804\uccb4\";mb_languages[\"selectbox2\"]\t\t= \"\uc804\uccb4\";mb_languages[\"selectbox3\"]\t\t= \"\uc804\uccb4\";var category_data\t\t\t\t= \"\";\r\ntry {\r\n\tif(isJsonType(category_text)){\r\n\t\tcategory_data\t\t\t= JSON.parse(category_text);\r\n\t}\r\n}catch(e) {}\r\n<\/script><script type=\"text\/javascript\">\r\nfunction selectTabMenu(obj,category,name,idx){\r\n\tif(typeof(idx)===\"undefined\" || idx==\"\") idx\t= \"1\";\r\n\tjQuery('.tab-menu-on').removeClass(\"tab-menu-on\").addClass(\"tab-menu-off\");\r\n\tjQuery(obj).removeClass(\"tab-menu-off\").addClass(\"tab-menu-on\");\r\n\tif(jQuery(\"input[name=category\"+idx+\"]\")) jQuery(\"input[name=category\"+idx+\"]\").val(category);\r\n\tsendListTemplateData({\"board_name\":name,\"category\":category,\"idx\":idx});\r\n}\r\nfunction sendSearchData(data){\r\n\tvar search_url\t\t\t\t\t= mb_urls[\"search\"];\t\r\n\tvar params\t\t\t\t\t\t= jQuery('#'+mb_options[\"board_name\"]+'_form_board_search').serialize();\r\n\tif(typeof(data)!=='undefined') params\t\t\t\t\t= params+\"&\"+data;\t\t\r\n\tif(params.indexOf('category')!=-1){\r\n\t\tif(search_url.indexOf('category')!=-1){\r\n\t\t\tsearch_url\t\t= search_url.replace(\/(category)(\\d{1})=\/g,\"category_old$2=\");\r\n\t\t}\r\n\t}\r\n\tsearch_url\t\t\t\t\t\t= search_url+\"&\"+params;\t\t\r\n\tmoveURL(search_url);\r\n}\r\njQuery(document).ready(function(){\t\r\n\tvar tbl = jQuery(\"#tbl_board_list\");\r\n\tjQuery(\"th :checkbox\", tbl).first().click(function(){\t\t\r\n\t\tif(jQuery(this).is(\":checked\")){\r\n\t\t\tjQuery(\"td :checkbox\", tbl).prop(\"checked\", true);\r\n\t\t}else{\r\n\t\t\tjQuery(\"td :checkbox\", tbl).prop(\"checked\", false);\r\n\t\t}\t\r\n\t\tjQuery(\":checkbox\", tbl).trigger(\"change\");\r\n\t});\r\n});\r\nfunction showDeleteConfirm(){\t\r\n\tvar check_count\t= jQuery(\".mb-board input[name='check_array[]']\").filter(\":checked\").length;\r\n\tif(check_count > 0) {\r\n\t\tshowConfirmPopup(check_count+\"\uac1c\uc758 \ud56d\ubaa9\uc744 \uc0ad\uc81c\ud558\uc2dc\uaca0\uc2b5\ub2c8\uae4c?\", {\"board_action\":\"multi_delete\"}, sendBoardListData);\r\n\t}else{\r\n\t\tshowAlertPopup({\"code\":\"1000\",\"message\":\"\uc0ad\uc81c\ud560 \ud56d\ubaa9\uc744 \uc120\ud0dd\ud574 \uc8fc\uc138\uc694\"});\r\n\t}\r\n}\r\nfunction showMoveConfirm(type){\t\r\n\tvar check_count\t= jQuery(\".mb-board input[name='check_array[]']\").filter(\":checked\").length;\r\n\tif(check_count > 0) {\r\n\t\tif(type==\"multi_copy\"){\r\n\t\t\tshowConfirmPopup(check_count+\"\uac1c\uc758 \ud56d\ubaa9\uc744 \ubcf5\uc0ac\ud558\uc2dc\uaca0\uc2b5\ub2c8\uae4c?\", {\"board_action\":type}, sendBoardListData);\r\n\t\t}else if(type==\"multi_move\"){\r\n\t\t\tshowConfirmPopup(check_count+\"\uac1c\uc758 \ud56d\ubaa9\uc744 \uc774\ub3d9\ud558\uc2dc\uaca0\uc2b5\ub2c8\uae4c?\", {\"board_action\":type}, sendBoardListData);\r\n\t\t}\t\t\r\n\t}else{\r\n\t\tif(type==\"multi_copy\"){\r\n\t\t\tshowAlertPopup({\"code\":\"1000\",\"message\":\"\ubcf5\uc0ac\ud560 \ud56d\ubaa9\uc744 \uc120\ud0dd\ud574 \uc8fc\uc138\uc694\"});\r\n\t\t}else if(type==\"multi_move\"){\r\n\t\t\tshowAlertPopup({\"code\":\"1000\",\"message\":\"\uc774\ub3d9\ud560 \ud56d\ubaa9\uc744 \uc120\ud0dd\ud574 \uc8fc\uc138\uc694\"});\r\n\t\t}\r\n\t}\r\n}\r\nfunction sendBoardListData(args){\t\r\n\tif(args.board_action==\"multi_modify\"){\r\n\t\tjQuery('#'+mb_options[\"board_name\"]+'_form_board_list input[name=board_pid]').val(args.board_pid);\r\n\t}\r\n\tjQuery('#'+mb_options[\"board_name\"]+'_form_board_list input[name=board_action]').val(args.board_action);\r\n\tsendFormDataRequest(jQuery('#'+mb_options[\"board_name\"]+'_form_board_list'), mb_urls[\"board_api\"], sendBoardListDataHandler);\r\n}\r\nfunction sendBoardListDataHandler(response, state)\r\n{\r\n\tif(response.state == \"success\"){\r\n\t\tif(typeof(response.message)!=='undefined'){\r\n\t\t\t if(response.message!=\"\") alert(response.message);\r\n\t\t}\r\n\t\tmoveURL(\"reload\");\r\n\t}else{\t\t\t\r\n\t\tshowAlertPopup(response);\r\n\t}\r\n}\r\n<\/script>\r\n<div class=\"mb-style1 board-list\">\r\n\r\n\t<form name=\"alumni_francais_form_board_search\" id=\"alumni_francais_form_board_search\" method=\"post\">\r\n\t<input type=\"hidden\" name=\"board_name\" value=\"alumni_francais\" \/>\r\n\t\t\t<div class=\"list-head\">\r\n\t\r\n\t\t<div class=\"mb-category\"><input type=\"hidden\" name=\"category1\" value=\"\" \/><input type=\"hidden\" name=\"category2\" value=\"\" \/><input type=\"hidden\" name=\"category3\" value=\"\" \/><\/div>\t\r\n\t\t\t\t<div class=\"list-search\">\r\n\t\t\t<select id=\"search_field\" name=\"search_field\" class=\"search-field margin-right-5\" title=\"\uac80\uc0c9 \ud56d\ubaa9\"><option value=\"fn_pid\" >\ubc88\ud638<\/option><option value=\"fn_title\"  selected>\uc81c\ubaa9<\/option><option value=\"fn_user_name\" >\uc791\uc131\uc790<\/option><option value=\"fn_content\" >\ub0b4\uc6a9<\/option><option value=\"fn_reg_date\" >\ub0a0\uc9dc<\/option><option value=\"fn_tag\" >\ud0dc\uadf8<\/option><\/select><input type=\"text\" id=\"search_text\" class=\"search-text\" name=\"search_text\" accesskey=\"s\" title=\"\uac80\uc0c9\uc5b4 \uc785\ub825\" value=\"\" onkeypress=\"checkEnterKey(sendSearchData);\"\/><input style=\"display:none !important;\" type=\"text\" title=\"search\"\/><button onclick=\"sendSearchData();return false;\" title=\"\uac80\uc0c9\" class=\"btn btn-default btn-search margin-left-5\" type=\"button\"><span>\uac80\uc0c9<\/span><\/button>\t\t<\/div>\r\n\t\t\t\t<div class=\"clear\"><\/div>\r\n\t<\/div>\r\n\t<\/form>\r\n\r\n\t\t\r\n\t<form name=\"alumni_francais_form_board_list\" id=\"alumni_francais_form_board_list\" method=\"post\">\t\r\n\t<input type=\"hidden\" name=\"board_name\" id=\"board_name\" value=\"alumni_francais\" \/>\r\n\t<input type=\"hidden\" name=\"page_id\" id=\"page_id\" value=\"\" \/>\r\n\t<input type=\"hidden\" name=\"list_type\" id=\"list_type\" value=\"list\" \/>\r\n\t<input type=\"hidden\" name=\"page\" id=\"page\" value=\"1\" \/>\r\n\t<input type=\"hidden\" name=\"mode\" id=\"mode\" value=\"list\" \/>\r\n\t<input type=\"hidden\" name=\"board_action\" id=\"board_action\" value=\"\" \/>\r\n\t<input type=\"hidden\" name=\"board_pid\" id=\"board_pid\" value=\"\" \/>\r\n\t<input type=\"hidden\" name=\"mb_nonce_value\" value=\"d1175c4ff0d2eefe011ef424663e7dae\" \/><input type=\"hidden\" name=\"mb_nonce_time\" value=\"1776397144\" \/><input type=\"hidden\" id=\"wp_nonce_value\" name=\"wp_nonce_value\" value=\"4cb2ca1eac\" \/><input type=\"hidden\" name=\"_wp_http_referer\" value=\"\/wp\/francais\/index.php?rest_route=%2Fwp%2Fv2%2Fpages%2F9283\" \/><input type=\"hidden\" name=\"lang\" value=\"ko_KR\" \/>\r\n\t<div class=\"main-style1\" id=\"alumni_francais_board_box\">\r\n\r\n\t\t<table cellspacing=\"0\" cellpadding=\"0\" border=\"0\" id=\"tbl_board_list\" class=\"table table-list\">\r\n\t\t<caption>T\u00e9moignages des anciens<\/caption>\r\n\t\t\t\r\n\t\t\t<colgroup><col style=\"width:50px\" class=\"mb-col-pid mb-hide-mobile mb-hide-tablet\" \/><col class=\"mb-col-title\" \/><col style=\"width:115px\" class=\"mb-col-user-name\" \/><col style=\"width:90px\" class=\"mb-col-reg-date mb-hide-mobile\" \/><col style=\"width:60px\" class=\"mb-col-hit mb-hide-mobile mb-hide-tablet\" \/><\/colgroup>\r\n\t\t\t<thead><tr><th scope=\"col\" class=\"mb-th-pid mb-hide-mobile mb-hide-tablet order-asc\" class=\"order-asc\"><a href=\"https:\/\/xavier.sc.kr\/wp\/francais\/?page_id=9283&#038;mode=list&#038;order_by=fn_pid&#038;order_type=asc\" title=\"\ubc88\ud638\"><span>\ubc88\ud638<\/span><\/a><\/th><th scope=\"col\" class=\"mb-th-title\"><a href=\"https:\/\/xavier.sc.kr\/wp\/francais\/?page_id=9283&#038;mode=list&#038;order_by=fn_title&#038;order_type=asc\" title=\"\uc81c\ubaa9\"><span>\uc81c\ubaa9<\/span><\/a><\/th><th scope=\"col\" class=\"mb-th-user-name\"><a href=\"https:\/\/xavier.sc.kr\/wp\/francais\/?page_id=9283&#038;mode=list&#038;order_by=fn_user_name&#038;order_type=asc\" title=\"\uc791\uc131\uc790\"><span>\uc791\uc131\uc790<\/span><\/a><\/th><th scope=\"col\" class=\"mb-th-reg-date mb-hide-mobile\"><a href=\"https:\/\/xavier.sc.kr\/wp\/francais\/?page_id=9283&#038;mode=list&#038;order_by=fn_reg_date&#038;order_type=asc\" title=\"\ub0a0\uc9dc\"><span>\ub0a0\uc9dc<\/span><\/a><\/th><th scope=\"col\" class=\"mb-th-hit mb-hide-mobile mb-hide-tablet\"><a href=\"https:\/\/xavier.sc.kr\/wp\/francais\/?page_id=9283&#038;mode=list&#038;order_by=fn_hit&#038;order_type=asc\" title=\"\uc870\ud68c\"><span>\uc870\ud68c<\/span><\/a><\/th><\/tr><\/thead>\r\n\t\t\t<tbody id=\"alumni_francais_board_body\">\r\n\t\t\t<tr id=\"mb_alumni_francais_tr_1\"><td class=\"mb-hide-mobile mb-hide-tablet\"><span>9<\/span><\/td><td class=\"text-left\"><a href=\"https:\/\/xavier.sc.kr\/wp\/francais\/?page_id=9283&#038;vid=9\" title=\"HONG Young Taek, ancien \u00e9l\u00e8ve (Promotion 2016)\"><span>HONG Young Taek, ancien \u00e9l\u00e8ve (Promotion 2016) <img class=\"list-i-img\" alt=\"img\" src=\"https:\/\/xavier.sc.kr\/wp\/francais\/wp-content\/plugins\/mangboard\/skins\/bbs_basic\/images\/icon_image.gif\" \/><\/span><\/a><\/td><td><span><a href=\"javascript:;\" onclick=\"getUserMenu('3','9','lixwebmaster');return false;\" title=\"lixwebmaster\" class=\"btn-user-info\" role=\"button\"><span>lixwebmaster<\/span><\/a> <img class=\"user-i-level mb-level-10\" alt=\"Level 10\" src=\"https:\/\/xavier.sc.kr\/wp\/francais\/wp-content\/plugins\/mangboard\/skins\/bbs_basic\/images\/icon_level10.gif\" \/><\/span><\/td><td class=\"mb-hide-mobile\"><span>2022-11-14<\/span><\/td><td class=\"mb-hide-mobile mb-hide-tablet\"><span>474<\/span><\/td><\/tr><tr id=\"mb_alumni_francais_tr_2\"><td class=\"mb-hide-mobile mb-hide-tablet\"><span>8<\/span><\/td><td class=\"text-left\"><a href=\"https:\/\/xavier.sc.kr\/wp\/francais\/?page_id=9283&#038;vid=8\" title=\"JUN Sara, ancienne \u00e9l\u00e8ve (Promotion 2020)\"><span>JUN Sara, ancienne \u00e9l\u00e8ve (Promotion 2020)<\/span><\/a><\/td><td><span><a href=\"javascript:;\" onclick=\"getUserMenu('1','8','xavier2013');return false;\" title=\"xavier2013\" class=\"btn-user-info\" role=\"button\"><span>xavier2013<\/span><\/a> <img class=\"user-i-level mb-level-10\" alt=\"Level 10\" src=\"https:\/\/xavier.sc.kr\/wp\/francais\/wp-content\/plugins\/mangboard\/skins\/bbs_basic\/images\/icon_level10.gif\" \/><\/span><\/td><td class=\"mb-hide-mobile\"><span>2022-10-12<\/span><\/td><td class=\"mb-hide-mobile mb-hide-tablet\"><span>470<\/span><\/td><\/tr><tr id=\"mb_alumni_francais_tr_3\"><td class=\"mb-hide-mobile mb-hide-tablet\"><span>7<\/span><\/td><td class=\"text-left\"><a href=\"https:\/\/xavier.sc.kr\/wp\/francais\/?page_id=9283&#038;vid=7\" title=\"HAN Hwaan, ancienne \u00e9l\u00e8ve (Promotion 2020)\"><span>HAN Hwaan, ancienne \u00e9l\u00e8ve (Promotion 2020)<\/span><\/a><\/td><td><span><a href=\"javascript:;\" onclick=\"getUserMenu('1','7','xavier2013');return false;\" title=\"xavier2013\" class=\"btn-user-info\" role=\"button\"><span>xavier2013<\/span><\/a> <img class=\"user-i-level mb-level-10\" alt=\"Level 10\" src=\"https:\/\/xavier.sc.kr\/wp\/francais\/wp-content\/plugins\/mangboard\/skins\/bbs_basic\/images\/icon_level10.gif\" \/><\/span><\/td><td class=\"mb-hide-mobile\"><span>2022-10-11<\/span><\/td><td class=\"mb-hide-mobile mb-hide-tablet\"><span>443<\/span><\/td><\/tr><tr id=\"mb_alumni_francais_tr_4\"><td class=\"mb-hide-mobile mb-hide-tablet\"><span>6<\/span><\/td><td class=\"text-left\"><a href=\"https:\/\/xavier.sc.kr\/wp\/francais\/?page_id=9283&#038;vid=6\" title=\"LEE Jong Yun, ancien \u00e9l\u00e8ve (Promotion 2017)\"><span>LEE Jong Yun, ancien \u00e9l\u00e8ve (Promotion 2017)<\/span><\/a><\/td><td><span><a href=\"javascript:;\" onclick=\"getUserMenu('1','6','xavier2013');return false;\" title=\"xavier2013\" class=\"btn-user-info\" role=\"button\"><span>xavier2013<\/span><\/a> <img class=\"user-i-level mb-level-10\" alt=\"Level 10\" src=\"https:\/\/xavier.sc.kr\/wp\/francais\/wp-content\/plugins\/mangboard\/skins\/bbs_basic\/images\/icon_level10.gif\" \/><\/span><\/td><td class=\"mb-hide-mobile\"><span>2022-08-26<\/span><\/td><td class=\"mb-hide-mobile mb-hide-tablet\"><span>429<\/span><\/td><\/tr><tr id=\"mb_alumni_francais_tr_5\"><td class=\"mb-hide-mobile mb-hide-tablet\"><span>5<\/span><\/td><td class=\"text-left\"><a href=\"https:\/\/xavier.sc.kr\/wp\/francais\/?page_id=9283&#038;vid=5\" title=\"KIM Jung Yeon, ancienne \u00e9l\u00e8ve (Promotion 2015)\"><span>KIM Jung Yeon, ancienne \u00e9l\u00e8ve (Promotion 2015)<\/span><\/a><\/td><td><span><a href=\"javascript:;\" onclick=\"getUserMenu('1','5','xavier2013');return false;\" title=\"xavier2013\" class=\"btn-user-info\" role=\"button\"><span>xavier2013<\/span><\/a> <img class=\"user-i-level mb-level-10\" alt=\"Level 10\" src=\"https:\/\/xavier.sc.kr\/wp\/francais\/wp-content\/plugins\/mangboard\/skins\/bbs_basic\/images\/icon_level10.gif\" \/><\/span><\/td><td class=\"mb-hide-mobile\"><span>2022-08-26<\/span><\/td><td class=\"mb-hide-mobile mb-hide-tablet\"><span>425<\/span><\/td><\/tr><tr id=\"mb_alumni_francais_tr_6\"><td class=\"mb-hide-mobile mb-hide-tablet\"><span>4<\/span><\/td><td class=\"text-left\"><a href=\"https:\/\/xavier.sc.kr\/wp\/francais\/?page_id=9283&#038;vid=4\" title=\"HA Min, ancienne \u00e9l\u00e8ve (Promotion 2009)\"><span>HA Min, ancienne \u00e9l\u00e8ve (Promotion 2009)<\/span><\/a><\/td><td><span><a href=\"javascript:;\" onclick=\"getUserMenu('1','4','xavier2013');return false;\" title=\"xavier2013\" class=\"btn-user-info\" role=\"button\"><span>xavier2013<\/span><\/a> <img class=\"user-i-level mb-level-10\" alt=\"Level 10\" src=\"https:\/\/xavier.sc.kr\/wp\/francais\/wp-content\/plugins\/mangboard\/skins\/bbs_basic\/images\/icon_level10.gif\" \/><\/span><\/td><td class=\"mb-hide-mobile\"><span>2022-08-26<\/span><\/td><td class=\"mb-hide-mobile mb-hide-tablet\"><span>446<\/span><\/td><\/tr><tr id=\"mb_alumni_francais_tr_7\"><td class=\"mb-hide-mobile mb-hide-tablet\"><span>3<\/span><\/td><td class=\"text-left\"><a href=\"https:\/\/xavier.sc.kr\/wp\/francais\/?page_id=9283&#038;vid=3\" title=\"YUN Yeo-dong, ancienne \u00e9l\u00e8ve (Promotion 2013)\"><span>YUN Yeo-dong, ancienne \u00e9l\u00e8ve (Promotion 2013)<\/span><\/a><\/td><td><span><a href=\"javascript:;\" onclick=\"getUserMenu('1','3','xavier2013');return false;\" title=\"xavier2013\" class=\"btn-user-info\" role=\"button\"><span>xavier2013<\/span><\/a> <img class=\"user-i-level mb-level-10\" alt=\"Level 10\" src=\"https:\/\/xavier.sc.kr\/wp\/francais\/wp-content\/plugins\/mangboard\/skins\/bbs_basic\/images\/icon_level10.gif\" \/><\/span><\/td><td class=\"mb-hide-mobile\"><span>2022-08-26<\/span><\/td><td class=\"mb-hide-mobile mb-hide-tablet\"><span>422<\/span><\/td><\/tr><tr id=\"mb_alumni_francais_tr_8\"><td class=\"mb-hide-mobile mb-hide-tablet\"><span>2<\/span><\/td><td class=\"text-left\"><a href=\"https:\/\/xavier.sc.kr\/wp\/francais\/?page_id=9283&#038;vid=2\" title=\"JUNG Seung Ho, ancien \u00e9l\u00e8ve (Promotion 2014)\"><span>JUNG Seung Ho, ancien \u00e9l\u00e8ve (Promotion 2014)<\/span><\/a><\/td><td><span><a href=\"javascript:;\" onclick=\"getUserMenu('1','2','xavier2013');return false;\" title=\"xavier2013\" class=\"btn-user-info\" role=\"button\"><span>xavier2013<\/span><\/a> <img class=\"user-i-level mb-level-10\" alt=\"Level 10\" src=\"https:\/\/xavier.sc.kr\/wp\/francais\/wp-content\/plugins\/mangboard\/skins\/bbs_basic\/images\/icon_level10.gif\" \/><\/span><\/td><td class=\"mb-hide-mobile\"><span>2022-08-26<\/span><\/td><td class=\"mb-hide-mobile mb-hide-tablet\"><span>437<\/span><\/td><\/tr><tr id=\"mb_alumni_francais_tr_9\"><td class=\"mb-hide-mobile mb-hide-tablet\"><span>1<\/span><\/td><td class=\"text-left\"><a href=\"https:\/\/xavier.sc.kr\/wp\/francais\/?page_id=9283&#038;vid=1\" title=\"T\u00e9moignages des anciens \u2013 enqu\u00eate\"><span>T\u00e9moignages des anciens \u2013 enqu\u00eate <img class=\"list-i-img\" alt=\"img\" src=\"https:\/\/xavier.sc.kr\/wp\/francais\/wp-content\/plugins\/mangboard\/skins\/bbs_basic\/images\/icon_image.gif\" \/><\/span><\/a><\/td><td><span><a href=\"javascript:;\" onclick=\"getUserMenu('1','1','xavier2013');return false;\" title=\"xavier2013\" class=\"btn-user-info\" role=\"button\"><span>xavier2013<\/span><\/a> <img class=\"user-i-level mb-level-10\" alt=\"Level 10\" src=\"https:\/\/xavier.sc.kr\/wp\/francais\/wp-content\/plugins\/mangboard\/skins\/bbs_basic\/images\/icon_level10.gif\" \/><\/span><\/td><td class=\"mb-hide-mobile\"><span>2022-08-26<\/span><\/td><td class=\"mb-hide-mobile mb-hide-tablet\"><span>422<\/span><\/td><\/tr>\t\t\t<\/tbody>\r\n\r\n\t\t<\/table>\r\n\t<\/div>\r\n\t\r\n\r\n\t\t<div class=\"list-btn\">\r\n\t\t<div class=\"btn-box-right\" id=\"alumni_francais_btn_box\">\r\n\t\t\t<div class=\"btn-box-left\" style=\"float:left;\"><\/div><div class=\"clear\"><\/div>\t\t<\/div>\r\n\t<\/div>\r\n\t\r\n\r\n\t<\/form>\r\n\t\t\r\n\t<div id=\"alumni_francais_pagination_box\" class=\"pagination-box\"><div class=\"pagination-large\"><table cellspacing=\"0\" cellpadding=\"0\" border=\"0\" class=\"table table-page\" align=\"center\"><tbody><tr><td class=\"page_arrow mb-disabled mb-mobile-hide\"><a title=\"\ucc98\uc74c\" class=\"btn-start\" role=\"button\"><span><img src=\"https:\/\/xavier.sc.kr\/wp\/francais\/wp-content\/plugins\/mangboard\/skins\/bbs_basic\/images\/btn_paging_pprev.gif\" alt=\"\ucc98\uc74c\" style=\"width:15px;\" \/><\/span><\/a><\/td><td class=\"page_arrow mb-disabled\"><a title=\"\uc774\uc804\" class=\"btn-prev\" role=\"button\"><span><img src=\"https:\/\/xavier.sc.kr\/wp\/francais\/wp-content\/plugins\/mangboard\/skins\/bbs_basic\/images\/btn_paging_prev.gif\" alt=\"\uc774\uc804\" style=\"width:15px;\" \/><\/span><\/a><\/td><td class=\"btn-page active\"><a class=\"btn-page-num first\" title=\"Page 1 - Selected\">1<\/a><\/td><td class=\"page_arrow mb-disabled\"><a title=\"\ub2e4\uc74c\" class=\"btn-next\" role=\"button\"><span><img src=\"https:\/\/xavier.sc.kr\/wp\/francais\/wp-content\/plugins\/mangboard\/skins\/bbs_basic\/images\/btn_paging_next.gif\" alt=\"\ub2e4\uc74c\" style=\"width:15px;\" \/><\/span><\/a><\/td><td class=\"page_arrow mb-disabled mb-mobile-hide\"><a title=\"\ub9e8\ub05d\" class=\"btn-end\" role=\"button\"><span><img src=\"https:\/\/xavier.sc.kr\/wp\/francais\/wp-content\/plugins\/mangboard\/skins\/bbs_basic\/images\/btn_paging_nnext.gif\" alt=\"\ub9e8\ub05d\" style=\"width:15px;\" \/><\/span><\/a><\/td><\/tr><\/tbody><\/table><\/div><\/div><\/div><\/div><\/div><\/div><div style=\"display:none !important;\" class=\"mb-poweredby\"><a href=\"https:\/\/www.mangboard.com\" target=\"_blank\" style=\"font-size:13px;\" title=\"Powered by MangBoard\">Powered by MangBoard<\/a><\/div><\/div>\n\t\t\t\t<\/div>\n\t\t\t\t<\/div>\n\t\t\t\t\t<\/div>\n\t\t<\/div>\n\t\t\t\t\t\t\t<\/div>\n\t\t<\/div>\n\t\t\t\t\t\t<\/div>\n\t\t\t\t\t<\/div>\n\t\t","protected":false},"excerpt":{"rendered":"<p>COMMUNAUT\u00c9 COMMUNAUT\u00c9 Alumni Alumni Orientation T\u00e9moignages des anciens T\u00e9moignages des anciens<\/p>\n","protected":false},"author":1,"featured_media":0,"parent":0,"menu_order":0,"comment_status":"closed","ping_status":"closed","template":"","meta":[],"_links":{"self":[{"href":"https:\/\/xavier.sc.kr\/wp\/francais\/index.php?rest_route=\/wp\/v2\/pages\/9283"}],"collection":[{"href":"https:\/\/xavier.sc.kr\/wp\/francais\/index.php?rest_route=\/wp\/v2\/pages"}],"about":[{"href":"https:\/\/xavier.sc.kr\/wp\/francais\/index.php?rest_route=\/wp\/v2\/types\/page"}],"author":[{"embeddable":true,"href":"https:\/\/xavier.sc.kr\/wp\/francais\/index.php?rest_route=\/wp\/v2\/users\/1"}],"replies":[{"embeddable":true,"href":"https:\/\/xavier.sc.kr\/wp\/francais\/index.php?rest_route=%2Fwp%2Fv2%2Fcomments&post=9283"}],"version-history":[{"count":10,"href":"https:\/\/xavier.sc.kr\/wp\/francais\/index.php?rest_route=\/wp\/v2\/pages\/9283\/revisions"}],"predecessor-version":[{"id":9556,"href":"https:\/\/xavier.sc.kr\/wp\/francais\/index.php?rest_route=\/wp\/v2\/pages\/9283\/revisions\/9556"}],"wp:attachment":[{"href":"https:\/\/xavier.sc.kr\/wp\/francais\/index.php?rest_route=%2Fwp%2Fv2%2Fmedia&parent=9283"}],"curies":[{"name":"wp","href":"https:\/\/api.w.org\/{rel}","templated":true}]}}