{"id":8573,"date":"2022-04-26T16:54:13","date_gmt":"2022-04-26T07:54:13","guid":{"rendered":"https:\/\/xavier.vizensoft.com\/wp\/francais\/?page_id=8573"},"modified":"2025-08-30T11:31:50","modified_gmt":"2025-08-30T02:31:50","slug":"maternelle","status":"publish","type":"page","link":"https:\/\/xavier.sc.kr\/wp\/francais\/?page_id=8573","title":{"rendered":"Maternelle"},"content":{"rendered":"\t\t<div data-elementor-type=\"wp-page\" data-elementor-id=\"8573\" class=\"elementor elementor-8573\" data-elementor-settings=\"[]\">\n\t\t\t\t\t\t\t<div class=\"elementor-section-wrap\">\n\t\t\t\t\t\t\t<div class=\"elementor-section elementor-top-section elementor-element elementor-element-39d559a elementor-section-full_width elementor-section-stretched sub_visual elementor-section-height-default elementor-section-height-default\" data-id=\"39d559a\" data-element_type=\"section\" data-settings=\"{&quot;stretch_section&quot;:&quot;section-stretched&quot;,&quot;background_background&quot;:&quot;classic&quot;}\">\n\t\t\t\t\t\t<div class=\"elementor-container elementor-column-gap-default\">\n\t\t\t\t\t<div class=\"elementor-column elementor-col-100 elementor-top-column elementor-element elementor-element-e498c63\" data-id=\"e498c63\" data-element_type=\"column\">\n\t\t\t<div class=\"elementor-widget-wrap elementor-element-populated\">\n\t\t\t\t\t\t\t\t<div class=\"elementor-element elementor-element-d8891e0 elementor-widget elementor-widget-heading\" data-id=\"d8891e0\" data-element_type=\"widget\" data-widget_type=\"heading.default\">\n\t\t\t\t<div class=\"elementor-widget-container\">\n\t\t\t<style>\/*! elementor - v3.5.5 - 03-02-2022 *\/\n.elementor-heading-title{padding:0;margin:0;line-height:1}.elementor-widget-heading .elementor-heading-title[class*=elementor-size-]>a{color:inherit;font-size:inherit;line-height:inherit}.elementor-widget-heading .elementor-heading-title.elementor-size-small{font-size:15px}.elementor-widget-heading .elementor-heading-title.elementor-size-medium{font-size:19px}.elementor-widget-heading .elementor-heading-title.elementor-size-large{font-size:29px}.elementor-widget-heading .elementor-heading-title.elementor-size-xl{font-size:39px}.elementor-widget-heading .elementor-heading-title.elementor-size-xxl{font-size:59px}<\/style><h2 class=\"elementor-heading-title elementor-size-default\">P\u00c9DAGOGIE<\/h2>\t\t<\/div>\n\t\t\t\t<\/div>\n\t\t\t\t<div class=\"elementor-element elementor-element-4e2270e elementor-widget elementor-widget-html\" data-id=\"4e2270e\" data-element_type=\"widget\" data-widget_type=\"html.default\">\n\t\t\t\t<div class=\"elementor-widget-container\">\n\t\t\t<div class=\"sub_path\">\n    <a class=\"home\" href=\"\/wp\/francais\/\">\n        <img src=\"\/image\/sub_visual_home_btn.png\"\/>\n    <\/a>\n    <div class=\"depth01\">\n        <p>P\u00c9DAGOGIE<\/p>\n    <\/div>\n    <div class=\"depth02\">\n        <p>Maternelle<\/p>\n    <\/div>\n<\/div>\t\t<\/div>\n\t\t\t\t<\/div>\n\t\t\t\t\t<\/div>\n\t\t<\/div>\n\t\t\t\t\t\t\t<\/div>\n\t\t<\/div>\n\t\t\t\t<div class=\"elementor-section elementor-top-section elementor-element elementor-element-3672a9a elementor-section-full_width preschool_con01 elementor-section-height-default elementor-section-height-default\" data-id=\"3672a9a\" data-element_type=\"section\">\n\t\t\t\t\t\t<div class=\"elementor-container elementor-column-gap-default\">\n\t\t\t\t\t<div class=\"elementor-column elementor-col-100 elementor-top-column elementor-element elementor-element-db1a9f6\" data-id=\"db1a9f6\" data-element_type=\"column\">\n\t\t\t<div class=\"elementor-widget-wrap elementor-element-populated\">\n\t\t\t\t\t\t\t\t<div class=\"elementor-element elementor-element-0640b03 elementor-widget elementor-widget-html\" data-id=\"0640b03\" data-element_type=\"widget\" data-widget_type=\"html.default\">\n\t\t\t\t<div class=\"elementor-widget-container\">\n\t\t\t<div class=\"sub_tit\">\r\n\t<div class=\"container container_custom\">\r\n\t\t<h3>\u00c9cole maternelle (Cycle 1)<\/h3>\r\n\t<\/div>\r\n<\/div>\r\n<div class=\"sub_desc\">\r\n\t<div class=\"container container_custom\">\r\n\t\t<p>Dans le syst\u00e8me \u00e9ducatif fran\u00e7ais, l'\u00e9cole obligatoire commence d\u00e8s la maternelle.<\/p>\r\n\t\t<i><\/i>\r\n\t\t<span>\r\n\t\t\t\"L'enfant est, avec la musique et la pri\u00e8re, une de ces portes grandes ouvertes <br\/>\r\n\t\t\tsur un myst\u00e8re, non pas de nuit, mais de lumi\u00e8re.\" <br\/>\r\n\t\t\tMadeleine Dani\u00e9lou\r\n\t\t<\/span>\r\n\t<\/div>\r\n<\/div>\r\n<div class=\"preschool_list grid3\">\r\n\t<div class=\"container container_custom\">\r\n\t\t<ul>\r\n\t\t\t<li>\r\n\t\t\t\t<div class=\"img_box\">\r\n\t\t\t\t\t<img src=\"\/image\/preschool_con01_img01.jpg\" alt=\"\">\r\n\t\t\t\t<\/div>\r\n\t\t\t\t<div class=\"txt_box\">\r\n\t\t\t\t\t<h5>Mobiliser le langage dans toutes ses dimensions<\/h5>\r\n\t\t\t\t\t<p>\r\n\t\t\t\t\t\r\n\t\t\t\t\t\t<span>Acqu\u00e9rir le langage oral<\/span>\r\n\t\t\t\t\t\t<span>Passer de l'oral \u00e0 l'\u00e9crit : Se pr\u00e9parer \u00e0 apprendre \u00e0 lire <\/span>\r\n\t\t\t\t\t\t<span>Passer de l'oral \u00e0 l'\u00e9crit : Se pr\u00e9parer \u00e0 apprendre \u00e0 \u00e9crire<\/span>\r\n\t\t\t\t\t\r\n\t\t\t\t\t<\/p>\r\n\t\t\t\t\r\n\t\t\t\t<\/div>\r\n\t\t\t<\/li>\r\n\t\t\t<li>\r\n\t\t\t\t<div class=\"img_box\">\r\n\t\t\t\t\t<img src=\"\/image\/preschool_con01_img02.jpg\" alt=\"\">\r\n\t\t\t\t<\/div>\r\n\t\t\t\t<div class=\"txt_box\">\r\n\t\t\t\t\t<h5>Agir, s'exprimer, comprendre \u00e0 travers l'activit\u00e9 physique<\/h5>\r\n\t\t\t\t\t<p>\r\n\t\t\t\t\t\t<span>Agir dans l'espace, dans la dur\u00e9e et sur les objets<\/span>\r\n\t\t\t\t\t\t<span>Adapter ses \u00e9quilibres et ses d\u00e9placements \u00e0 des environnements ou des contraintes vari\u00e9es<\/span>\r\n\t\t\t\t\t\t<span>Communiquer avec les autres au travers d'actions \u00e0 vis\u00e9e expressive ou artistique<\/span>\r\n\t\t\t\t\t\t<span>Collaborer, coop\u00e9rer, s'opposer individuellement ou collectivement<\/span>\r\n\t\t\t\t\t<\/p>\r\n\t\t\t\t<\/div>\r\n\t\t\t<\/li>\r\n\t\t\t<li>\r\n\t\t\t\t<div class=\"img_box\">\r\n\t\t\t\t\t<img src=\"\/image\/preschool_con01_img03.jpg\" alt=\"\">\r\n\t\t\t\t<\/div>\r\n\t\t\t\t<div class=\"txt_box\">\r\n\t\t\t\t\t<h5>Agir, s'exprimer, comprendre \u00e0 travers les activit\u00e9s artistiques<\/h5>\r\n\t\t\t\t\t<p>\r\n\t\t\t\t\t\t<span>Le spectacle vivant<\/span>\r\n\t\t\t\t\t\t<span>Les productions plastiques et visuelles<\/span>\r\n\t\t\t\t\t\t<span>Les univers sonores<\/span>\r\n\t\t\t\t\t<\/p>\r\n\t\t\t\t<\/div>\r\n\t\t\t<\/li>\r\n\t\t\t<li>\r\n\t\t\t\t<div class=\"img_box\">\r\n\t\t\t\t\t<img src=\"\/image\/preschool_con01_img04.jpg\" alt=\"\">\r\n\t\t\t\t<\/div>\r\n\t\t\t\t<div class=\"txt_box\">\r\n\t\t\t\t\t<h5>Acqu\u00e9rir les premiers outils math\u00e9matiques<\/h5>\r\n\t\t\t\t\t<p>\r\n\t\t\t\t\t\t<span>D\u00e9couvrir les nombres<\/span>\r\n\t\t\t\t\t\t<span>Utiliser les nombres pour r\u00e9soudre les probl\u00e8mes<\/span>\r\n\t\t\t\t\t\t<span>Explorer les solides et les formes planes<\/span>\r\n\t\t\t\t\t\t<span>Explorer les grandeurs (la longueur, la masse)<\/span>\r\n\t\t\t\t\t\t<span>Se familiariser avec les motifs organis\u00e9s<\/span>\r\n\t\t\t\t\t<\/p>\r\n\t\t\t\t<\/div>\r\n\t\t\t<\/li>\r\n\t\t\t<li>\r\n\t\t\t\t<div class=\"img_box\">\r\n\t\t\t\t\t<img src=\"\/image\/preschool_con01_img05.jpg\" alt=\"\">\r\n\t\t\t\t<\/div>\r\n\t\t\t\t<div class=\"txt_box\">\r\n\t\t\t\t\t<h5>Explorer le monde<\/h5>\r\n\t\t\t\t\t<p>\r\n\t\t\t\t\t\t<span>Se rep\u00e9rer dans le temps et dans l'espace<\/span>\r\n\t\t\t\t\t\t<span>Explorer le monde du vivant, des objets et de la mati\u00e8re<\/span>\r\n\t\t\t\t\t<\/p>\r\n\t\t\t\t<\/div>\r\n\t\t\t<\/li>\r\n\t\t\t<li>\r\n\t\t\t\t<div class=\"img_box\">\r\n\t\t\t\t\t<img src=\"\/image\/preschool_con01_img06.jpg\" alt=\"\">\r\n\t\t\t\t<\/div>\r\n\t\t\t\t<div class=\"txt_box\">\r\n\t\t\t\t\t<h5>Apprendre ensemble et vivre ensemble<\/h5>\r\n\t\t\t\t\t<p>\r\n\t\t\t\t\t\t<span>Se construire comme une personne singuli\u00e8re au sein d'un groupe<\/span>\r\n\t\t\t\t\t\t<span>Comprendre la fonction de l'\u00e9cole<\/span>\r\n\t\t\t\t\t<\/p>\r\n\t\t\t\t<\/div>\r\n\t\t\t<\/li>\r\n\t\t<\/ul>\r\n\t<\/div>\r\n<\/div>\r\n<div class=\"special_box bottom\">\r\n\t<div class=\"container container_custom\">\r\n\t\t<div class=\"sub_tit02 center\">\r\n\t\t\t<h4><span>Sp\u00e9cificit\u00e9 au LIX<\/span><\/h4>\r\n\t\t<\/div>\r\n\t\t<div class=\"list_box grid3 type02\">\r\n\t\t\t<ul>\r\n\t\t\t\t<li>\r\n\t\t\t\t\t<h5>Cours de Cor\u00e9en<span> (1h)<\/span><\/h5>\r\n\t\t\t\t<\/li>\r\n\t\t\t<\/ul>\r\n\t\t<\/div>\r\n\t<\/div>\r\n<\/div>\r\n\r\n\r\n\t\t<\/div>\n\t\t\t\t<\/div>\n\t\t\t\t\t<\/div>\n\t\t<\/div>\n\t\t\t\t\t\t\t<\/div>\n\t\t<\/div>\n\t\t\t\t\t\t<\/div>\n\t\t\t\t\t<\/div>\n\t\t","protected":false},"excerpt":{"rendered":"<p>P\u00c9DAGOGIE P\u00c9DAGOGIE Maternelle \u00c9cole maternelle (Cycle 1) Dans le syst\u00e8me \u00e9ducatif fran\u00e7ais, l&rsquo;\u00e9cole obligatoire commence d\u00e8s la maternelle. \u00ab\u00a0L&rsquo;enfant est, avec la musique et la pri\u00e8re, une de ces portes grandes ouvertes sur un myst\u00e8re, non pas de nuit, mais de lumi\u00e8re.\u00a0\u00bb Madeleine Dani\u00e9lou Mobiliser le langage dans toutes ses dimensions Acqu\u00e9rir le langage oral Passer de l&rsquo;oral \u00e0 l&rsquo;\u00e9crit : Se pr\u00e9parer \u00e0 apprendre \u00e0 lire Passer de l&rsquo;oral \u00e0 l&rsquo;\u00e9crit : Se pr\u00e9parer \u00e0 apprendre \u00e0 \u00e9crire Agir, s&rsquo;exprimer, comprendre \u00e0 travers l&rsquo;activit\u00e9 physique Agir dans l&rsquo;espace, dans la dur\u00e9e et sur les objets Adapter ses \u00e9quilibres et ses d\u00e9placements \u00e0 des environnements ou des contraintes vari\u00e9es Communiquer avec les autres au travers d&rsquo;actions \u00e0 vis\u00e9e expressive ou artistique Collaborer, coop\u00e9rer, s&rsquo;opposer individuellement ou collectivement Agir, s&rsquo;exprimer, comprendre \u00e0 travers les activit\u00e9s artistiques Le spectacle vivant Les productions plastiques et visuelles Les univers sonores Acqu\u00e9rir les premiers outils math\u00e9matiques D\u00e9couvrir les nombres Utiliser les nombres pour r\u00e9soudre les probl\u00e8mes Explorer les solides et les formes planes Explorer les grandeurs (la longueur, la masse) Se familiariser avec les motifs organis\u00e9s Explorer le monde Se rep\u00e9rer dans le temps et dans l&rsquo;espace Explorer le monde du vivant, des objets et de la mati\u00e8re Apprendre ensemble et vivre ensemble Se construire comme une personne singuli\u00e8re au sein d&rsquo;un groupe Comprendre la fonction de l&rsquo;\u00e9cole Sp\u00e9cificit\u00e9 au LIX Cours de Cor\u00e9en (1h)<\/p>\n","protected":false},"author":1,"featured_media":0,"parent":0,"menu_order":0,"comment_status":"closed","ping_status":"closed","template":"elementor_header_footer","meta":[],"_links":{"self":[{"href":"https:\/\/xavier.sc.kr\/wp\/francais\/index.php?rest_route=\/wp\/v2\/pages\/8573"}],"collection":[{"href":"https:\/\/xavier.sc.kr\/wp\/francais\/index.php?rest_route=\/wp\/v2\/pages"}],"about":[{"href":"https:\/\/xavier.sc.kr\/wp\/francais\/index.php?rest_route=\/wp\/v2\/types\/page"}],"author":[{"embeddable":true,"href":"https:\/\/xavier.sc.kr\/wp\/francais\/index.php?rest_route=\/wp\/v2\/users\/1"}],"replies":[{"embeddable":true,"href":"https:\/\/xavier.sc.kr\/wp\/francais\/index.php?rest_route=%2Fwp%2Fv2%2Fcomments&post=8573"}],"version-history":[{"count":29,"href":"https:\/\/xavier.sc.kr\/wp\/francais\/index.php?rest_route=\/wp\/v2\/pages\/8573\/revisions"}],"predecessor-version":[{"id":10221,"href":"https:\/\/xavier.sc.kr\/wp\/francais\/index.php?rest_route=\/wp\/v2\/pages\/8573\/revisions\/10221"}],"wp:attachment":[{"href":"https:\/\/xavier.sc.kr\/wp\/francais\/index.php?rest_route=%2Fwp%2Fv2%2Fmedia&parent=8573"}],"curies":[{"name":"wp","href":"https:\/\/api.w.org\/{rel}","templated":true}]}}

<div data-elementor-type="wp-page" data-elementor-id="8573" class="elementor elementor-8573" data-elementor-settings="[]">
							<div class="elementor-section-wrap">
							<div class="elementor-section elementor-top-section elementor-element elementor-element-39d559a elementor-section-full_width elementor-section-stretched sub_visual elementor-section-height-default elementor-section-height-default" data-id="39d559a" data-element_type="section" data-settings="{&quot;stretch_section&quot;:&quot;section-stretched&quot;,&quot;background_background&quot;:&quot;classic&quot;}">
						<div class="elementor-container elementor-column-gap-default">
					<div class="elementor-column elementor-col-100 elementor-top-column elementor-element elementor-element-e498c63" data-id="e498c63" data-element_type="column">
			<div class="elementor-widget-wrap elementor-element-populated">
								<div class="elementor-element elementor-element-d8891e0 elementor-widget elementor-widget-heading" data-id="d8891e0" data-element_type="widget" data-widget_type="heading.default">
				<div class="elementor-widget-container">
			<style>/*! elementor - v3.5.5 - 03-02-2022 */
.elementor-heading-title{padding:0;margin:0;line-height:1}.elementor-widget-heading .elementor-heading-title[class*=elementor-size-]>a{color:inherit;font-size:inherit;line-height:inherit}.elementor-widget-heading .elementor-heading-title.elementor-size-small{font-size:15px}.elementor-widget-heading .elementor-heading-title.elementor-size-medium{font-size:19px}.elementor-widget-heading .elementor-heading-title.elementor-size-large{font-size:29px}.elementor-widget-heading .elementor-heading-title.elementor-size-xl{font-size:39px}.elementor-widget-heading .elementor-heading-title.elementor-size-xxl{font-size:59px}</style><h2 class="elementor-heading-title elementor-size-default">PÉDAGOGIE</h2>		</div>
				</div>
				<div class="elementor-element elementor-element-4e2270e elementor-widget elementor-widget-html" data-id="4e2270e" data-element_type="widget" data-widget_type="html.default">
				<div class="elementor-widget-container">
			<div class="sub_path">
    <a class="home" href="/wp/francais/">
        <img src="/image/sub_visual_home_btn.png"/>
    </a>
    <div class="depth01">
        <p>PÉDAGOGIE</p>
    </div>
    <div class="depth02">
        <p>Maternelle</p>
    </div>
</div>		</div>
				</div>
					</div>
		</div>
							</div>
		</div>
				<div class="elementor-section elementor-top-section elementor-element elementor-element-3672a9a elementor-section-full_width preschool_con01 elementor-section-height-default elementor-section-height-default" data-id="3672a9a" data-element_type="section">
						<div class="elementor-container elementor-column-gap-default">
					<div class="elementor-column elementor-col-100 elementor-top-column elementor-element elementor-element-db1a9f6" data-id="db1a9f6" data-element_type="column">
			<div class="elementor-widget-wrap elementor-element-populated">
								<div class="elementor-element elementor-element-0640b03 elementor-widget elementor-widget-html" data-id="0640b03" data-element_type="widget" data-widget_type="html.default">
				<div class="elementor-widget-container">
			<div class="sub_tit">
	<div class="container container_custom">
		<h3>École maternelle (Cycle 1)</h3>
	</div>
</div>
<div class="sub_desc">
	<div class="container container_custom">
		<p>Dans le système éducatif français, l'école obligatoire commence dès la maternelle.</p>
		<i></i>
		<span>
			"L'enfant est, avec la musique et la prière, une de ces portes grandes ouvertes <br/>
			sur un mystère, non pas de nuit, mais de lumière." <br/>
			Madeleine Daniélou
		</span>
	</div>
</div>
<div class="preschool_list grid3">
	<div class="container container_custom">
		<ul>
			<li>
				<div class="img_box">
					<img src="/image/preschool_con01_img01.jpg" alt="">
				</div>
				<div class="txt_box">
					<h5>Mobiliser le langage dans toutes ses dimensions</h5>
					<p>
					
						<span>Acquérir le langage oral</span>
						<span>Passer de l'oral à l'écrit : Se préparer à apprendre à lire </span>
						<span>Passer de l'oral à l'écrit : Se préparer à apprendre à écrire</span>
					
					</p>
				
				</div>
			</li>
			<li>
				<div class="img_box">
					<img src="/image/preschool_con01_img02.jpg" alt="">
				</div>
				<div class="txt_box">
					<h5>Agir, s'exprimer, comprendre à travers l'activité physique</h5>
					<p>
						<span>Agir dans l'espace, dans la durée et sur les objets</span>
						<span>Adapter ses équilibres et ses déplacements à des environnements ou des contraintes variées</span>
						<span>Communiquer avec les autres au travers d'actions à visée expressive ou artistique</span>
						<span>Collaborer, coopérer, s'opposer individuellement ou collectivement</span>
					</p>
				</div>
			</li>
			<li>
				<div class="img_box">
					<img src="/image/preschool_con01_img03.jpg" alt="">
				</div>
				<div class="txt_box">
					<h5>Agir, s'exprimer, comprendre à travers les activités artistiques</h5>
					<p>
						<span>Le spectacle vivant</span>
						<span>Les productions plastiques et visuelles</span>
						<span>Les univers sonores</span>
					</p>
				</div>
			</li>
			<li>
				<div class="img_box">
					<img src="/image/preschool_con01_img04.jpg" alt="">
				</div>
				<div class="txt_box">
					<h5>Acquérir les premiers outils mathématiques</h5>
					<p>
						<span>Découvrir les nombres</span>
						<span>Utiliser les nombres pour résoudre les problèmes</span>
						<span>Explorer les solides et les formes planes</span>
						<span>Explorer les grandeurs (la longueur, la masse)</span>
						<span>Se familiariser avec les motifs organisés</span>
					</p>
				</div>
			</li>
			<li>
				<div class="img_box">
					<img src="/image/preschool_con01_img05.jpg" alt="">
				</div>
				<div class="txt_box">
					<h5>Explorer le monde</h5>
					<p>
						<span>Se repérer dans le temps et dans l'espace</span>
						<span>Explorer le monde du vivant, des objets et de la matière</span>
					</p>
				</div>
			</li>
			<li>
				<div class="img_box">
					<img src="/image/preschool_con01_img06.jpg" alt="">
				</div>
				<div class="txt_box">
					<h5>Apprendre ensemble et vivre ensemble</h5>
					<p>
						<span>Se construire comme une personne singulière au sein d'un groupe</span>
						<span>Comprendre la fonction de l'école</span>
					</p>
				</div>
			</li>
		</ul>
	</div>
</div>
<div class="special_box bottom">
	<div class="container container_custom">
		<div class="sub_tit02 center">
			<h4><span>Spécificité au LIX</span></h4>
		</div>
		<div class="list_box grid3 type02">
			<ul>
				<li>
					<h5>Cours de Coréen<span> (1h)</span></h5>
				</li>
			</ul>
		</div>
	</div>
</div>


		</div>
				</div>
					</div>
		</div>
							</div>
		</div>
						</div>
					</div>

<p>PÉDAGOGIE PÉDAGOGIE Maternelle École maternelle (Cycle 1) Dans le système éducatif français, l&rsquo;école obligatoire commence dès la maternelle. « L&rsquo;enfant est, avec la musique et la prière, une de ces portes grandes ouvertes sur un mystère, non pas de nuit, mais de lumière. » Madeleine Daniélou Mobiliser le langage dans toutes ses dimensions Acquérir le langage oral Passer de l&rsquo;oral à l&rsquo;écrit : Se préparer à apprendre à lire Passer de l&rsquo;oral à l&rsquo;écrit : Se préparer à apprendre à écrire Agir, s&rsquo;exprimer, comprendre à travers l&rsquo;activité physique Agir dans l&rsquo;espace, dans la durée et sur les objets Adapter ses équilibres et ses déplacements à des environnements ou des contraintes variées Communiquer avec les autres au travers d&rsquo;actions à visée expressive ou artistique Collaborer, coopérer, s&rsquo;opposer individuellement ou collectivement Agir, s&rsquo;exprimer, comprendre à travers les activités artistiques Le spectacle vivant Les productions plastiques et visuelles Les univers sonores Acquérir les premiers outils mathématiques Découvrir les nombres Utiliser les nombres pour résoudre les problèmes Explorer les solides et les formes planes Explorer les grandeurs (la longueur, la masse) Se familiariser avec les motifs organisés Explorer le monde Se repérer dans le temps et dans l&rsquo;espace Explorer le monde du vivant, des objets et de la matière Apprendre ensemble et vivre ensemble Se construire comme une personne singulière au sein d&rsquo;un groupe Comprendre la fonction de l&rsquo;école Spécificité au LIX Cours de Coréen (1h)</p>
