{"id":6269,"date":"2022-06-02T16:54:22","date_gmt":"2022-06-02T07:54:22","guid":{"rendered":"https:\/\/xavier.vizensoft.com\/wp\/english\/?page_id=6269"},"modified":"2025-12-03T13:42:39","modified_gmt":"2025-12-03T04:42:39","slug":"dormitory","status":"publish","type":"page","link":"https:\/\/xavier.sc.kr\/wp\/english\/?page_id=6269","title":{"rendered":"Dormitory"},"content":{"rendered":"\t\t<div data-elementor-type=\"wp-page\" data-elementor-id=\"6269\" class=\"elementor elementor-6269\" data-elementor-settings=\"[]\">\n\t\t\t\t\t\t\t<div class=\"elementor-section-wrap\">\n\t\t\t\t\t\t\t<div class=\"elementor-section elementor-top-section elementor-element elementor-element-f2f18b0 elementor-section-full_width elementor-section-stretched sub_visual elementor-section-height-default elementor-section-height-default\" data-id=\"f2f18b0\" data-element_type=\"section\" data-settings=\"{&quot;stretch_section&quot;:&quot;section-stretched&quot;,&quot;background_background&quot;:&quot;classic&quot;}\">\n\t\t\t\t\t\t<div class=\"elementor-container elementor-column-gap-default\">\n\t\t\t\t\t<div class=\"elementor-column elementor-col-100 elementor-top-column elementor-element elementor-element-c7c1bee\" data-id=\"c7c1bee\" data-element_type=\"column\">\n\t\t\t<div class=\"elementor-widget-wrap elementor-element-populated\">\n\t\t\t\t\t\t\t\t<div class=\"elementor-element elementor-element-acb8713 elementor-widget elementor-widget-heading\" data-id=\"acb8713\" data-element_type=\"widget\" data-widget_type=\"heading.default\">\n\t\t\t\t<div class=\"elementor-widget-container\">\n\t\t\t<style>\/*! elementor - v3.5.5 - 03-02-2022 *\/\n.elementor-heading-title{padding:0;margin:0;line-height:1}.elementor-widget-heading .elementor-heading-title[class*=elementor-size-]>a{color:inherit;font-size:inherit;line-height:inherit}.elementor-widget-heading .elementor-heading-title.elementor-size-small{font-size:15px}.elementor-widget-heading .elementor-heading-title.elementor-size-medium{font-size:19px}.elementor-widget-heading .elementor-heading-title.elementor-size-large{font-size:29px}.elementor-widget-heading .elementor-heading-title.elementor-size-xl{font-size:39px}.elementor-widget-heading .elementor-heading-title.elementor-size-xxl{font-size:59px}<\/style><h2 class=\"elementor-heading-title elementor-size-default\">INFORMATION<\/h2>\t\t<\/div>\n\t\t\t\t<\/div>\n\t\t\t\t<div class=\"elementor-element elementor-element-21e64e9 elementor-widget elementor-widget-html\" data-id=\"21e64e9\" data-element_type=\"widget\" data-widget_type=\"html.default\">\n\t\t\t\t<div class=\"elementor-widget-container\">\n\t\t\t<div class=\"sub_path\">\n    <a class=\"home\" href=\"\/wp\/english\/\">\n        <img src=\"\/image\/sub_visual_home_btn.png\"\/>\n    <\/a>\n    <div class=\"depth01\">\n        <p>INFORMATION<\/p>\n    <\/div>\n    <div class=\"depth02\">\n        <p>Practical Information<\/p>\n    <\/div>\n<\/div>\t\t<\/div>\n\t\t\t\t<\/div>\n\t\t\t\t\t<\/div>\n\t\t<\/div>\n\t\t\t\t\t\t\t<\/div>\n\t\t<\/div>\n\t\t\t\t<div class=\"elementor-section elementor-top-section elementor-element elementor-element-e9e6dea tab_contents elementor-section-boxed elementor-section-height-default elementor-section-height-default\" data-id=\"e9e6dea\" data-element_type=\"section\">\n\t\t\t\t\t\t<div class=\"elementor-container elementor-column-gap-default\">\n\t\t\t\t\t<div class=\"elementor-column elementor-col-100 elementor-top-column elementor-element elementor-element-69f0f23\" data-id=\"69f0f23\" data-element_type=\"column\">\n\t\t\t<div class=\"elementor-widget-wrap elementor-element-populated\">\n\t\t\t\t\t\t\t\t<div class=\"elementor-element elementor-element-9453ca2 elementor-widget elementor-widget-html\" data-id=\"9453ca2\" data-element_type=\"widget\" data-widget_type=\"html.default\">\n\t\t\t\t<div class=\"elementor-widget-container\">\n\t\t\t<div class=\"sub_tab grid7\">\r\n    <ul>\r\n        <li><a href=\"http:\/\/xavier.sc.kr\/wp\/english\/?page_id=7074\"><span>School rules<\/span><\/a><\/li>\r\n        <li><a href=\"\/wp\/english\/?page_id=6265\"><span>Bulletins<\/span><\/a><\/li>\r\n        <li><a href=\"\/wp\/english\/?page_id=6267\"><span>Education of French Students<\/span><\/a><\/li>\r\n        <li class=\"on\"><a href=\"\/wp\/english\/?page_id=6269\"><span>Dormitory<\/span><\/a><\/li><br\/>\r\n        <li><a href=\"\/wp\/english\/?page_id=6271\"><span>Uniform<\/span><\/a><\/li>\r\n        <li><a href=\"\/wp\/english\/?page_id=6273\"><span>School Statutes<\/span><\/a><\/li>\r\n        <li><a href=\"\/wp\/english\/?page_id=6275\"><span>Cafeteria Menu<\/span><\/a><\/li>\r\n        <li><a href=\"\/wp\/english\/?page_id=6277\"><span>Pollution<\/span><\/a><\/li>\r\n    <\/ul>\r\n<\/div>\r\n<div class=\"sub_tit\">\r\n\t<h3>Dormitory<\/h3>\r\n<\/div>\r\n<div class=\"sub_desc info\">\r\n\t<p>\r\n\t\tAu sein du LIX, notre internat se situe dans un environnement calme, propice aux \u00e9tudes et au travail personnel. <br class=\"pc_only\"\/>Sortir du milieu familial \u00e0 la recherche d\u2019autonomie et d\u2019esprit de solidarit\u00e9 \u00e0 travers l\u2019exp\u00e9rience de vie commune, tel est le but de cet internat.\r\n\t<\/p>\r\n<\/div>\r\n<div class=\"rule_top info\">\r\n\t<div class=\"box\">\r\n\t\t<div class=\"tit01\">\r\n\t\t\t<span class=\"num poppins\">1<\/span>\r\n\t\t\t<p>Entr\u00e9es et sorties<\/p>\r\n\t\t<\/div>\r\n\t\t<div class=\"desc\">\r\n\t\t\t<ul>\r\n\t\t\t\t<li>L\u2019entr\u00e9e \u00e0 l\u2019internat se fait <b>le dimanche soir de 19 h \u00e0 21 h<\/b>. Il est \u00e9galement possible de rentrer le lundi matin avant 8h15 (dans ce cas, les parents doivent pr\u00e9venir le responsable de l\u2019internat). Les \u00e9l\u00e8ves ne sont plus autoris\u00e9s \u00e0 quitter le lieu apr\u00e8s leur retour.<\/li>\r\n\t\t\t\t<li>Les \u00e9l\u00e8ves quittent l\u2019internat <b>le vendredi apr\u00e8s 17 h<\/b>.<\/li>\r\n\t\t\t\t<li>La sortie \u00e0 l\u2019ext\u00e9rieur est autoris\u00e9e <b>uniquement<\/b> le mardi entre 17h et 18h, avec l\u2019accord des parents.<\/li>\r\n\t\t\t\t<li>En dehors de ces horaires, une sortie n\u2019est possible qu\u2019avec une autorisation (exceptionnelle) donn\u00e9e par la responsable de l\u2019\u00e9tude ou de l\u2019internat apr\u00e8s accord de ses parents.<\/li>\r\n\t\t\t<\/ul>\r\n\t\t<\/div>\r\n\t<\/div>\r\n\t<div class=\"box\">\r\n\t\t<div class=\"tit01\">\r\n\t\t\t<span class=\"num poppins\">2<\/span>\r\n\t\t\t<p>D\u00e9roulement de la journ\u00e9e<\/p>\r\n\t\t<\/div>\r\n\t\t<div class=\"table_layout01 m_scroll\">\r\n\t\t\t<table>\r\n\t\t\t\t<colgroup>\r\n\t\t\t\t\t<col width=\"*\"\/>\r\n\t\t\t\t\t<col width=\"32.1%\"\/>\r\n\t\t\t\t\t<col width=\"32.1%\"\/>\r\n\t\t\t\t<\/colgroup>\r\n\t\t\t\t<tbody>\r\n\t\t\t\t\t<tr>\r\n\t\t\t\t\t\t<th>7h15 - 8h15<\/th>\r\n\t\t\t\t\t\t<td>Sonnerie de r\u00e9veil<\/td>\r\n\t\t\t\t\t\t<td>Lever, pr\u00e9paratifs, petit d\u00e9jeuner<\/td>\r\n\t\t\t\t\t<\/tr>\r\n\t\t\t\t\t<tr>\r\n\t\t\t\t\t\t<th>8h25 \u2013 16h50<\/th>\r\n\t\t\t\t\t\t<td>Cours<\/td>\r\n\t\t\t\t\t\t<td>Pas d\u2019acc\u00e8s \u00e0 l\u2019internat sans autorisation<\/td>\r\n\t\t\t\t\t<\/tr>\r\n\t\t\t\t\t<tr>\r\n\t\t\t\t\t\t<th>17h - 18h<\/th>\r\n\t\t\t\t\t\t<td>\u00c9tude obligatoire (sauf le mardi)<\/td>\r\n\t\t\t\t\t\t<td>En salle d\u2019\u00e9tude<\/td>\r\n\t\t\t\t\t<\/tr>\r\n\t\t\t\t\t<tr>\r\n\t\t\t\t\t\t<th>18h00 \u2013 18h30<\/th>\r\n\t\t\t\t\t\t<td>D\u00eener et rangement du plateau<\/td>\r\n\t\t\t\t\t\t<td>\u00c0 la cantine<\/td>\r\n\t\t\t\t\t<\/tr>\r\n\t\t\t\t\t<tr>\r\n\t\t\t\t\t\t<th>18h30 - 19h30<\/th>\r\n\t\t\t\t\t\t<td>\u00c9tude obligatoire (du lundi au jeudi)<\/td>\r\n\t\t\t\t\t\t<td>\u00c0 19h travail en \u00e9quipe possible si autorisation<\/td>\r\n\t\t\t\t\t<\/tr>\r\n\t\t\t\t\t<tr>\r\n\t\t\t\t\t\t<th>19h30 - 22h<\/th>\r\n\t\t\t\t\t\t<td>Temps libre \u00e0 l\u2019internat<\/td>\r\n\t\t\t\t\t\t<td>Pas de sortie sans autorisation<\/td>\r\n\t\t\t\t\t<\/tr>\r\n\t\t\t\t<\/tbody>\r\n\t\t\t<\/table>\r\n\t\t<\/div>\r\n\t\t<div class=\"desc\">\r\n\t\t\t<p class=\"type01\">* Pour le repos de tous, apr\u00e8s 22 h, l\u2019acc\u00e8s \u00e0 d\u2019autres chambres que la sienne est strictement interdit. Seul est autoris\u00e9 l\u2019acc\u00e8s aux toilettes (ou aux autres parties \u00e0 l\u2019int\u00e9rieur si besoin) en maintenant le silence.<\/p>\r\n\t\t<\/div>\r\n\t<\/div>\r\n\t<div class=\"box\">\r\n    \t<div class=\"tit01\">\r\n    \t\t<span class=\"num poppins\">3<\/span>\r\n    \t\t<p>Dormitory Photos<\/p>\r\n    \t<\/div>\r\n    \t<div class=\"dorm_slide\">\r\n    \t\t<div class=\"slide_box\">\r\n    \t\t\t<div class=\"swiper-container\">\r\n    \t\t\t\t<ul class=\"swiper-wrapper\">\r\n    \t\t\t\t\t<li class=\"swiper-slide\"><img src=\"\/image\/dorm_slide_img01.jpg\" alt=\"\"><\/li>\r\n    \t\t\t\t\t<li class=\"swiper-slide\"><img src=\"\/image\/dorm_slide_img02.jpg\" alt=\"\"><\/li>\r\n    \t\t\t\t\t<li class=\"swiper-slide\"><img src=\"\/image\/dorm_slide_img03.jpg\" alt=\"\"><\/li>\r\n    \t\t\t\t<\/ul>\r\n    \t\t\t<\/div>\r\n    \t\t\t<div class=\"prev_btn\"><\/div>\r\n    \t\t\t<div class=\"next_btn\"><\/div>\r\n    \t\t<\/div>\r\n    \t<\/div>\r\n    \t<script>\r\n    \t\tvar dorm_slide = new Swiper(\".dorm_slide .swiper-container\",{\r\n    \t\t\tnavigation: {\r\n    \t\t\t\tprevEl: '.dorm_slide .prev_btn',\r\n    \t\t\t\tnextEl: '.dorm_slide .next_btn'\r\n    \t\t\t},\r\n    \t\t\tloop: true,\r\n    \t\t\tautoplay: {\r\n    \t\t\t\tdelay: 5000,\r\n    \t\t\t}\r\n    \t\t});\r\n    \t<\/script>\r\n    <\/div>\r\n<\/div>\t\t<\/div>\n\t\t\t\t<\/div>\n\t\t\t\t\t<\/div>\n\t\t<\/div>\n\t\t\t\t\t\t\t<\/div>\n\t\t<\/div>\n\t\t\t\t\t\t<\/div>\n\t\t\t\t\t<\/div>\n\t\t","protected":false},"excerpt":{"rendered":"<p>INFORMATION INFORMATION Practical Information School rules Bulletins Education of French Students Dormitory Uniform School Statutes Cafeteria Menu Pollution Dormitory Au sein du LIX, notre internat se situe dans un environnement calme, propice aux \u00e9tudes et au travail personnel. Sortir du milieu familial \u00e0 la recherche d\u2019autonomie et d\u2019esprit de solidarit\u00e9 \u00e0 travers l\u2019exp\u00e9rience de vie commune, tel est le but de cet internat. 1 Entr\u00e9es et sorties L\u2019entr\u00e9e \u00e0 l\u2019internat se fait le dimanche soir de 19 h \u00e0 21 h. Il est \u00e9galement possible de rentrer le lundi matin avant 8h15 (dans ce cas, les parents doivent pr\u00e9venir le responsable de l\u2019internat). Les \u00e9l\u00e8ves ne sont plus autoris\u00e9s \u00e0 quitter le lieu apr\u00e8s leur retour. Les \u00e9l\u00e8ves quittent l\u2019internat le vendredi apr\u00e8s 17 h. La sortie \u00e0 l\u2019ext\u00e9rieur est autoris\u00e9e uniquement le mardi entre 17h et 18h, avec l\u2019accord des parents. En dehors de ces horaires, une sortie n\u2019est possible qu\u2019avec une autorisation (exceptionnelle) donn\u00e9e par la responsable de l\u2019\u00e9tude ou de l\u2019internat apr\u00e8s accord de ses parents. 2 D\u00e9roulement de la journ\u00e9e 7h15 &#8211; 8h15 Sonnerie de r\u00e9veil Lever, pr\u00e9paratifs, petit d\u00e9jeuner 8h25 \u2013 16h50 Cours Pas d\u2019acc\u00e8s \u00e0 l\u2019internat sans autorisation 17h &#8211; 18h \u00c9tude obligatoire (sauf le mardi) En salle d\u2019\u00e9tude 18h00 \u2013 18h30 D\u00eener et rangement du plateau \u00c0 la cantine 18h30 &#8211; 19h30 \u00c9tude obligatoire (du lundi au jeudi) \u00c0 19h travail en \u00e9quipe possible si autorisation 19h30 &#8211; 22h Temps libre \u00e0 l\u2019internat Pas de sortie sans autorisation * Pour le repos de tous, apr\u00e8s 22 h, l\u2019acc\u00e8s \u00e0 d\u2019autres chambres que la sienne est strictement interdit. Seul est autoris\u00e9 l\u2019acc\u00e8s aux toilettes (ou aux autres parties \u00e0 l\u2019int\u00e9rieur si besoin) en maintenant le silence. 3 Dormitory Photos<\/p>\n","protected":false},"author":1,"featured_media":0,"parent":0,"menu_order":0,"comment_status":"closed","ping_status":"closed","template":"","meta":[],"_links":{"self":[{"href":"https:\/\/xavier.sc.kr\/wp\/english\/index.php?rest_route=\/wp\/v2\/pages\/6269"}],"collection":[{"href":"https:\/\/xavier.sc.kr\/wp\/english\/index.php?rest_route=\/wp\/v2\/pages"}],"about":[{"href":"https:\/\/xavier.sc.kr\/wp\/english\/index.php?rest_route=\/wp\/v2\/types\/page"}],"author":[{"embeddable":true,"href":"https:\/\/xavier.sc.kr\/wp\/english\/index.php?rest_route=\/wp\/v2\/users\/1"}],"replies":[{"embeddable":true,"href":"https:\/\/xavier.sc.kr\/wp\/english\/index.php?rest_route=%2Fwp%2Fv2%2Fcomments&post=6269"}],"version-history":[{"count":31,"href":"https:\/\/xavier.sc.kr\/wp\/english\/index.php?rest_route=\/wp\/v2\/pages\/6269\/revisions"}],"predecessor-version":[{"id":7656,"href":"https:\/\/xavier.sc.kr\/wp\/english\/index.php?rest_route=\/wp\/v2\/pages\/6269\/revisions\/7656"}],"wp:attachment":[{"href":"https:\/\/xavier.sc.kr\/wp\/english\/index.php?rest_route=%2Fwp%2Fv2%2Fmedia&parent=6269"}],"curies":[{"name":"wp","href":"https:\/\/api.w.org\/{rel}","templated":true}]}}