{"id":5883,"date":"2022-04-26T15:10:27","date_gmt":"2022-04-26T06:10:27","guid":{"rendered":"https:\/\/xavier.vizensoft.com\/wp\/english\/?page_id=5883"},"modified":"2025-05-22T14:55:07","modified_gmt":"2025-05-22T05:55:07","slug":"affiliated-schools","status":"publish","type":"page","link":"https:\/\/xavier.sc.kr\/wp\/english\/?page_id=5883","title":{"rendered":"Affiliated schools"},"content":{"rendered":"\t\t<div data-elementor-type=\"wp-page\" data-elementor-id=\"5883\" class=\"elementor elementor-5883\" data-elementor-settings=\"[]\">\n\t\t\t\t\t\t\t<div class=\"elementor-section-wrap\">\n\t\t\t\t\t\t\t<div class=\"elementor-section elementor-top-section elementor-element elementor-element-9a7c907 elementor-section-full_width elementor-section-stretched sub_visual elementor-section-height-default elementor-section-height-default\" data-id=\"9a7c907\" data-element_type=\"section\" data-settings=\"{&quot;stretch_section&quot;:&quot;section-stretched&quot;,&quot;background_background&quot;:&quot;classic&quot;}\">\n\t\t\t\t\t\t<div class=\"elementor-container elementor-column-gap-default\">\n\t\t\t\t\t<div class=\"elementor-column elementor-col-100 elementor-top-column elementor-element elementor-element-79570f7\" data-id=\"79570f7\" data-element_type=\"column\">\n\t\t\t<div class=\"elementor-widget-wrap elementor-element-populated\">\n\t\t\t\t\t\t\t\t<div class=\"elementor-element elementor-element-25e9698 elementor-widget elementor-widget-heading\" data-id=\"25e9698\" data-element_type=\"widget\" data-widget_type=\"heading.default\">\n\t\t\t\t<div class=\"elementor-widget-container\">\n\t\t\t<style>\/*! elementor - v3.5.5 - 03-02-2022 *\/\n.elementor-heading-title{padding:0;margin:0;line-height:1}.elementor-widget-heading .elementor-heading-title[class*=elementor-size-]>a{color:inherit;font-size:inherit;line-height:inherit}.elementor-widget-heading .elementor-heading-title.elementor-size-small{font-size:15px}.elementor-widget-heading .elementor-heading-title.elementor-size-medium{font-size:19px}.elementor-widget-heading .elementor-heading-title.elementor-size-large{font-size:29px}.elementor-widget-heading .elementor-heading-title.elementor-size-xl{font-size:39px}.elementor-widget-heading .elementor-heading-title.elementor-size-xxl{font-size:59px}<\/style><h2 class=\"elementor-heading-title elementor-size-default\">ABOUT<\/h2>\t\t<\/div>\n\t\t\t\t<\/div>\n\t\t\t\t<div class=\"elementor-element elementor-element-0221a4b elementor-widget elementor-widget-html\" data-id=\"0221a4b\" data-element_type=\"widget\" data-widget_type=\"html.default\">\n\t\t\t\t<div class=\"elementor-widget-container\">\n\t\t\t<div class=\"sub_path\">\n    <a class=\"home\" href=\"\/wp\/english\/\">\n        <img src=\"\/image\/sub_visual_home_btn.png\"\/>\n    <\/a>\n    <div class=\"depth01\">\n        <p>ABOUT<\/p>\n    <\/div>\n    <div class=\"depth02\">\n        <p>Affiliated schools<\/p>\n    <\/div>\n<\/div>\t\t<\/div>\n\t\t\t\t<\/div>\n\t\t\t\t\t<\/div>\n\t\t<\/div>\n\t\t\t\t\t\t\t<\/div>\n\t\t<\/div>\n\t\t\t\t<section class=\"elementor-section elementor-top-section elementor-element elementor-element-a0bc7ef elementor-section-boxed elementor-section-height-default elementor-section-height-default\" data-id=\"a0bc7ef\" data-element_type=\"section\">\n\t\t\t\t\t\t<div class=\"elementor-container elementor-column-gap-default\">\n\t\t\t\t\t<div class=\"elementor-column elementor-col-100 elementor-top-column elementor-element elementor-element-7d58620\" data-id=\"7d58620\" data-element_type=\"column\">\n\t\t\t<div class=\"elementor-widget-wrap elementor-element-populated\">\n\t\t\t\t\t\t\t\t<div class=\"elementor-section elementor-inner-section elementor-element elementor-element-9055dfc foundation_con01 elementor-section-boxed elementor-section-height-default elementor-section-height-default\" data-id=\"9055dfc\" data-element_type=\"section\">\n\t\t\t\t\t\t<div class=\"elementor-container elementor-column-gap-default\">\n\t\t\t\t\t<div class=\"elementor-column elementor-col-100 elementor-inner-column elementor-element elementor-element-3e32d94\" data-id=\"3e32d94\" data-element_type=\"column\">\n\t\t\t<div class=\"elementor-widget-wrap elementor-element-populated\">\n\t\t\t\t\t\t\t\t<div class=\"elementor-element elementor-element-4d7f29c elementor-widget elementor-widget-html\" data-id=\"4d7f29c\" data-element_type=\"widget\" data-widget_type=\"html.default\">\n\t\t\t\t<div class=\"elementor-widget-container\">\n\t\t\t<div class=\"sub_tit\">\r\n    <h3>Affiliated schools<\/h3>\r\n    <h5>Affiliated Educational Associations<\/h5>\r\n<\/div>\r\n<div class=\"desc\">\r\n    <p>LIX is affiliated with <b>3 educational associations<\/b>:<\/p>\r\n<\/div>\r\n<div class=\"list_box01\">\r\n    <ul>\r\n        <li>\r\n            <div class=\"num\">\r\n                <div class=\"t_box\">\r\n                    <span class=\"poppins\">01<\/span>\r\n                <\/div>\r\n            <\/div>\r\n            <div class=\"txt\">\r\n                <div class=\"t_box\">\r\n                    <div class=\"tc_box\">\r\n                        <p class=\"poppins\">Agence pour l\u2019Enseignement Fran\u00e7ais \u00e0 l\u2019\u00c9tranger (AEFE)<\/p>\r\n                        <span>\r\n                            AEFE, which was established in 1990, has 402 affiliated schools in its network. <br\/>\r\n                            It is the main association of French schools outside of France and <br\/>its primary purpose is to educate French expatriates.\r\n                        <\/span>\r\n                    <\/div>\r\n                <\/div>\r\n            <\/div>\r\n            <div class=\"img\">\r\n                <img src=\"\/image\/foundation_con01_img01.jpg\"\/>\r\n            <\/div>\r\n        <\/li>\r\n        <li>\r\n            <div class=\"num\">\r\n                <div class=\"t_box\">\r\n                    <span class=\"poppins\">02<\/span>\r\n                <\/div>\r\n            <\/div>\r\n            <div class=\"txt\">\r\n                <div class=\"t_box\">\r\n                    <div class=\"tc_box\">\r\n                        <p class=\"poppins\">Mission La\u00efque Fran\u00e7aise (MLF)<\/p>\r\n                        <span>\r\n                            MLF, an organization for French schools located outside of France which was founded in 1902, <br\/>has 109 affiliated schools in its network. It fits well with the profile of our students <br\/>\r\n                            because it focuses on the culture of the country where the school is located.\r\n                        <\/span>\r\n                    <\/div>>\r\n                <\/div>\r\n            <\/div>\r\n            <div class=\"img\">\r\n                <img src=\"\/image\/foundation_con01_img02.jpg\"\/>\r\n            <\/div>\r\n        <\/li>\r\n        <li>\r\n            <div class=\"num\">\r\n                <div class=\"t_box\">\r\n                    <span class=\"poppins\">03<\/span>\r\n                <\/div>\r\n            <\/div>\r\n            <div class=\"txt\">\r\n                <div class=\"t_box\">\r\n                    <div class=\"tc_box\">\r\n                        <p class=\"poppins\">Dani\u00e9lou<\/p>\r\n                        <span>\r\n                            The primary association for LIX is the affiliated network of schools of Dani\u00e9lou, all of which are run by <br\/>\r\n                            the Saint Fran\u00e7ois-Xavier community.\r\n                            This network of schools was the source of inspiration for the birth of LIX. <br\/>\r\n                            At present, the Dani\u00e9lou network has 7 schools in three countries: France, Ivory Coast and South Korea. <br\/>\r\n                            Each school has its own characteristics depending on its location.<br\/> \r\n                            Some of these schools were established a long time ago.\r\n                    <\/div>\r\n                <\/div>\r\n            <\/div>\r\n            <div class=\"img\">\r\n                <img src=\"\/image\/foundation_con01_img03.jpg\"\/>\r\n            <\/div>\r\n        <\/li>\r\n    <\/ul>\r\n<\/div>\r\n<div class=\"list_box02\">\r\n    <ul>\r\n        <li>\r\n            <div class=\"tit\">\r\n                <div class=\"img\">\r\n                    <img src=\"\/image\/foundation_con01_img04.jpg\"\/>\r\n                <\/div>\r\n                <div class=\"txt\">\r\n                    <div class=\"t_box\">\r\n                        <p>\r\n                            Sainte-Marie <br class=\"pc_only\"\/>\r\n                            \u00e0 Neuilly-sur-Seine (92)\r\n                        <\/p>\r\n                    <\/div>\r\n                <\/div>\r\n            <\/div>\r\n            <div class=\"cont\">\r\n                <span>\r\n                    This school, founded by Madeleine Dani\u00e9lou in 1913, is <br\/>\r\n                    the original school of the Dani\u00e9lou network. <br\/>\r\n                    It has 1300 students from primary school to <br\/>\r\n                    classes pr\u00e9paratoires litt\u00e9raires. \r\n                <\/span>\r\n            <\/div>\r\n        <\/li>\r\n        <li>\r\n            <div class=\"tit\">\r\n                <div class=\"img\">\r\n                    <img src=\"\/image\/foundation_con01_img05.jpg\"\/>\r\n                <\/div>\r\n                <div class=\"txt\">\r\n                    <div class=\"t_box\">\r\n                        <p>\r\n                            Charles-P\u00e9guy <br class=\"pc_only\"\/>\u00e0 Bobigny (93)\r\n                        <\/p>\r\n                    <\/div>\r\n                <\/div>\r\n            <\/div>\r\n            <div class=\"cont\">\r\n                <span>\r\n                    This school was founded in 1936 in an underprivileged suburb. It currently has 750 students <br\/>\r\n                    from primary school to high school.\r\n                <\/span>\r\n            <\/div>\r\n        <\/li>\r\n        <li>\r\n            <div class=\"tit\">\r\n                <div class=\"img\">\r\n                    <img src=\"\/image\/foundation_con01_img06.jpg\"\/>\r\n                <\/div>\r\n                <div class=\"txt\">\r\n                    <div class=\"t_box\">\r\n                        <p>\r\n                            Le Centre <br class=\"pc_only\"\/>\r\n\t\t\t\t\t\t\tMadeleine Dani\u00e9lou <br class=\"pc_only\"\/>\r\n\t\t\t\t\t\t\t\u00e0 Rueil-Malmaison (92)\r\n                        <\/p>\r\n                    <\/div>\r\n                <\/div>\r\n            <\/div>\r\n            <div class=\"cont\">\r\n                <span>\r\n                    This school, established in 1938 in Paris and relocated to Rueil-Malmaison (92) in 1970, has 1400 students from middle school to  classes pr\u00e9paratoires litt\u00e9raires et commerciales.\r\n                <\/span>\r\n            <\/div>\r\n        <\/li>\r\n        <li>\r\n            <div class=\"tit\">\r\n                <div class=\"img\">\r\n                    <img src=\"\/image\/foundation_con01_img07.jpg\"\/>\r\n                <\/div>\r\n                <div class=\"txt\">\r\n                    <div class=\"t_box\">\r\n                        <p>\r\n                            Charles-P\u00e9guy \u00e0 Paris (XI)\r\n                        <\/p>\r\n                    <\/div>\r\n                <\/div>\r\n            <\/div>\r\n            <div class=\"cont\">\r\n                <span>\r\n                    This school was founded in 1941.<br\/>\r\n                    It has primary, middle and high schools and also has pr\u00e9paration au BTS Commerce international.\r\n                <\/span>\r\n            <\/div>\r\n        <\/li>\r\n        <li>\r\n            <div class=\"tit\">\r\n                <div class=\"img\">\r\n                    <img src=\"\/image\/foundation_con01_img08.jpg\"\/>\r\n                <\/div>\r\n                <div class=\"txt\">\r\n                    <div class=\"t_box\">\r\n                        <p>\r\n                            Sainte-Marie in Abidjan, <br class=\"pc_only\"\/>\r\n                            Ivory Coast\r\n                        <\/p>\r\n                    <\/div>\r\n                <\/div>\r\n            <\/div>\r\n            <div class=\"cont\">\r\n                <span>\r\n                    This school was created in 1962 by the Saint Fran\u00e7ois-Xavier community at the request of the government of Ivory Coast. <br\/>\r\n                    It is a public high school for girls.\r\n                <\/span>\r\n            <\/div>\r\n        <\/li>\r\n        <li>\r\n            <div class=\"tit\">\r\n                <div class=\"img\">\r\n                    <img src=\"\/image\/foundation_con01_img09.jpg\"\/>\r\n                <\/div>\r\n                <div class=\"txt\">\r\n                    <div class=\"t_box\">\r\n                        <p>\r\n                            Le Groupe Scolaire <br class=\"pc_only\"\/>Madeleine-Dani\u00e9lou <br class=\"pc_only\"\/>in Bingerville, Ivory Coast\r\n                        <\/p>\r\n                    <\/div>\r\n                <\/div>\r\n            <\/div>\r\n            <div class=\"cont\">\r\n                <span>\r\n                    This school, which was founded in September 2020 <br\/>\r\n                    in Bingerville, a suburb of Abidjan in Ivory Coast, <br\/>\r\n                    educates students from kindergarten to high school. \r\n                <\/span>\r\n            <\/div>\r\n        <\/li>\r\n        <li>\r\n            <div class=\"tit\">\r\n                <div class=\"img\">\r\n                    <img src=\"\/image\/foundation_con01_img10.jpg\"\/>\r\n                <\/div>\r\n                <div class=\"txt\">\r\n                    <div class=\"t_box\">\r\n                        <p>\r\n                            Lyc\u00e9e International Xavier\r\n                        <\/p>\r\n                    <\/div>\r\n                <\/div>\r\n            <\/div>\r\n            <div class=\"cont\">\r\n                <span>\r\n                    This school was created in March 2002 in Seoul, South Korea. It educates students from preschool to high school. \r\n                <\/span>\r\n            <\/div>\r\n        <\/li>\r\n    <\/ul>\r\n<\/div>\t\t<\/div>\n\t\t\t\t<\/div>\n\t\t\t\t\t<\/div>\n\t\t<\/div>\n\t\t\t\t\t\t\t<\/div>\n\t\t<\/div>\n\t\t\t\t\t<\/div>\n\t\t<\/div>\n\t\t\t\t\t\t\t<\/div>\n\t\t<\/section>\n\t\t\t\t\t\t<\/div>\n\t\t\t\t\t<\/div>\n\t\t","protected":false},"excerpt":{"rendered":"<p>ABOUT ABOUT Affiliated schools Affiliated schools Affiliated Educational Associations LIX is affiliated with 3 educational associations: 01 Agence pour l\u2019Enseignement Fran\u00e7ais \u00e0 l\u2019\u00c9tranger (AEFE) AEFE, which was established in 1990, has 402 affiliated schools in its network. It is the main association of French schools outside of France and its primary purpose is to educate French expatriates. 02 Mission La\u00efque Fran\u00e7aise (MLF) MLF, an organization for French schools located outside of France which was founded in 1902, has 109 affiliated schools in its network. It fits well with the profile of our students because it focuses on the culture of the country where the school is located. > 03 Dani\u00e9lou The primary association for LIX is the affiliated network of schools of Dani\u00e9lou, all of which are run by the Saint Fran\u00e7ois-Xavier community. This network of schools was the source of inspiration for the birth of LIX. At present, the Dani\u00e9lou network has 7 schools in three countries: France, Ivory Coast and South Korea. Each school has its own characteristics depending on its location. Some of these schools were established a long time ago. Sainte-Marie \u00e0 Neuilly-sur-Seine (92) This school, founded by Madeleine Dani\u00e9lou in 1913, is the original school of the Dani\u00e9lou network. It has 1300 students from primary school to classes pr\u00e9paratoires litt\u00e9raires. Charles-P\u00e9guy \u00e0 Bobigny (93) This school was founded in 1936 in an underprivileged suburb. It currently has 750 students from primary school to high school. Le Centre Madeleine Dani\u00e9lou \u00e0 Rueil-Malmaison (92) This school, established in 1938 in Paris and relocated to Rueil-Malmaison (92) in 1970, has 1400 students from middle school to classes pr\u00e9paratoires litt\u00e9raires et commerciales. Charles-P\u00e9guy \u00e0 Paris (XI) This school was founded in 1941. It has primary, middle and high schools and also has pr\u00e9paration au BTS Commerce international. Sainte-Marie in Abidjan, Ivory Coast This school was created in 1962 by the Saint Fran\u00e7ois-Xavier community at the request of the government of Ivory Coast. It is a public high school for girls. Le Groupe Scolaire Madeleine-Dani\u00e9lou in Bingerville, Ivory Coast This school, which was founded in September 2020 in Bingerville, a suburb of Abidjan in Ivory Coast, educates students from kindergarten to high school. Lyc\u00e9e International Xavier This school was created in March 2002 in Seoul, South Korea. It educates students from preschool to high school.<\/p>\n","protected":false},"author":1,"featured_media":0,"parent":0,"menu_order":0,"comment_status":"closed","ping_status":"closed","template":"","meta":[],"_links":{"self":[{"href":"https:\/\/xavier.sc.kr\/wp\/english\/index.php?rest_route=\/wp\/v2\/pages\/5883"}],"collection":[{"href":"https:\/\/xavier.sc.kr\/wp\/english\/index.php?rest_route=\/wp\/v2\/pages"}],"about":[{"href":"https:\/\/xavier.sc.kr\/wp\/english\/index.php?rest_route=\/wp\/v2\/types\/page"}],"author":[{"embeddable":true,"href":"https:\/\/xavier.sc.kr\/wp\/english\/index.php?rest_route=\/wp\/v2\/users\/1"}],"replies":[{"embeddable":true,"href":"https:\/\/xavier.sc.kr\/wp\/english\/index.php?rest_route=%2Fwp%2Fv2%2Fcomments&post=5883"}],"version-history":[{"count":46,"href":"https:\/\/xavier.sc.kr\/wp\/english\/index.php?rest_route=\/wp\/v2\/pages\/5883\/revisions"}],"predecessor-version":[{"id":7323,"href":"https:\/\/xavier.sc.kr\/wp\/english\/index.php?rest_route=\/wp\/v2\/pages\/5883\/revisions\/7323"}],"wp:attachment":[{"href":"https:\/\/xavier.sc.kr\/wp\/english\/index.php?rest_route=%2Fwp%2Fv2%2Fmedia&parent=5883"}],"curies":[{"name":"wp","href":"https:\/\/api.w.org\/{rel}","templated":true}]}}