{"id":9064,"date":"2022-06-24T11:05:35","date_gmt":"2022-06-24T02:05:35","guid":{"rendered":"https:\/\/xavier.vizensoft.com\/wp\/francais\/?page_id=9064"},"modified":"2026-04-03T11:15:12","modified_gmt":"2026-04-03T02:15:12","slug":"services-en-ligne_bibliotheque","status":"publish","type":"page","link":"http:\/\/xavier.sc.kr\/wp\/francais\/?page_id=9064","title":{"rendered":"Services en ligne_Biblioth\u00e8que"},"content":{"rendered":"\t\t<div data-elementor-type=\"wp-page\" data-elementor-id=\"9064\" class=\"elementor elementor-9064\" data-elementor-settings=\"[]\">\n\t\t\t\t\t\t\t<div class=\"elementor-section-wrap\">\n\t\t\t\t\t\t\t<div class=\"elementor-section elementor-top-section elementor-element elementor-element-9108e69 elementor-section-full_width elementor-section-stretched sub_visual elementor-section-height-default elementor-section-height-default\" data-id=\"9108e69\" data-element_type=\"section\" data-settings=\"{&quot;stretch_section&quot;:&quot;section-stretched&quot;,&quot;background_background&quot;:&quot;classic&quot;}\">\n\t\t\t\t\t\t<div class=\"elementor-container elementor-column-gap-default\">\n\t\t\t\t\t<div class=\"elementor-column elementor-col-100 elementor-top-column elementor-element elementor-element-5a812b1\" data-id=\"5a812b1\" data-element_type=\"column\">\n\t\t\t<div class=\"elementor-widget-wrap elementor-element-populated\">\n\t\t\t\t\t\t\t\t<div class=\"elementor-element elementor-element-05b0c59 elementor-widget elementor-widget-heading\" data-id=\"05b0c59\" data-element_type=\"widget\" data-widget_type=\"heading.default\">\n\t\t\t\t<div class=\"elementor-widget-container\">\n\t\t\t<style>\/*! elementor - v3.5.5 - 03-02-2022 *\/\n.elementor-heading-title{padding:0;margin:0;line-height:1}.elementor-widget-heading .elementor-heading-title[class*=elementor-size-]>a{color:inherit;font-size:inherit;line-height:inherit}.elementor-widget-heading .elementor-heading-title.elementor-size-small{font-size:15px}.elementor-widget-heading .elementor-heading-title.elementor-size-medium{font-size:19px}.elementor-widget-heading .elementor-heading-title.elementor-size-large{font-size:29px}.elementor-widget-heading .elementor-heading-title.elementor-size-xl{font-size:39px}.elementor-widget-heading .elementor-heading-title.elementor-size-xxl{font-size:59px}<\/style><h2 class=\"elementor-heading-title elementor-size-default\">INFORMATIONS<\/h2>\t\t<\/div>\n\t\t\t\t<\/div>\n\t\t\t\t<div class=\"elementor-element elementor-element-70bd305 elementor-widget elementor-widget-html\" data-id=\"70bd305\" data-element_type=\"widget\" data-widget_type=\"html.default\">\n\t\t\t\t<div class=\"elementor-widget-container\">\n\t\t\t<div class=\"sub_path\">\n    <a class=\"home\" href=\"\/wp\/francais\/\">\n        <img src=\"\/image\/sub_visual_home_btn.png\"\/>\n    <\/a>\n    <div class=\"depth01\">\n        <p>INFORMATIONS<\/p>\n    <\/div>\n    <div class=\"depth02\">\n        <p>Services en ligne<\/p>\n    <\/div>\n<\/div>\t\t<\/div>\n\t\t\t\t<\/div>\n\t\t\t\t\t<\/div>\n\t\t<\/div>\n\t\t\t\t\t\t\t<\/div>\n\t\t<\/div>\n\t\t\t\t<div class=\"elementor-section elementor-top-section elementor-element elementor-element-248125f tab_contents elementor-section-boxed elementor-section-height-default elementor-section-height-default\" data-id=\"248125f\" data-element_type=\"section\">\n\t\t\t\t\t\t<div class=\"elementor-container elementor-column-gap-default\">\n\t\t\t\t\t<div class=\"elementor-column elementor-col-100 elementor-top-column elementor-element elementor-element-2f84b74\" data-id=\"2f84b74\" data-element_type=\"column\">\n\t\t\t<div class=\"elementor-widget-wrap elementor-element-populated\">\n\t\t\t\t\t\t\t\t<div class=\"elementor-element elementor-element-98dea12 elementor-widget elementor-widget-html\" data-id=\"98dea12\" data-element_type=\"widget\" data-widget_type=\"html.default\">\n\t\t\t\t<div class=\"elementor-widget-container\">\n\t\t\t<div class=\"sub_tab grid3\">\r\n    <ul>\r\n        <li><a href=\"\/wp\/francais\/?page_id=9062\"><span>GEPI<\/span><\/a><\/li>\r\n        <li class=\"on\"><a href=\"\/wp\/francais\/?page_id=9064\"><span>Biblioth\u00e8que<\/span><\/a><\/li>\r\n        <li><a href=\"\/wp\/francais\/?page_id=9066\"><span>Eduka<\/span><\/a><\/li>\r\n    <\/ul>\r\n<\/div>\r\n<div class=\"sub_tit\">\r\n\t<h3>Biblioth\u00e8que<\/h3>\r\n<\/div>\r\n<div class=\"online_box library\">\r\n\t<div class=\"img_box pc_ver\">\r\n\t\t<img src=\"\/image\/library_img01.jpg\" alt=\"\">\r\n\t<\/div>\r\n\t<div class=\"txt_box\">\r\n\t\t<div class=\"desc\">\r\n\t\t\t<ul>\r\n\t\t\t\t<li>\r\n\t\t\t\t\t<span class=\"num poppins\">1<\/span>\r\n\t\t\t\t\t<p>\r\n\t\t\t\t\t\tAcc\u00e9der \u00e0 votre compte de lecteur <br\/>\r\n\t\t\t\t\t\t<span>(Pour cr\u00e9er un compte, veuillez contacter Madame Blanchard)<\/span>\r\n\t\t\t\t\t<\/p>\r\n\t\t\t\t<\/li>\r\n\t\t\t\t<li>\r\n\t\t\t\t\t<span class=\"num poppins\">2<\/span>\r\n\t\t\t\t\t<p>Effectuer des recherches<\/p>\r\n\t\t\t\t<\/li>\r\n\t\t\t\t<li>\r\n\t\t\t\t\t<span class=\"num poppins\">3<\/span>\r\n\t\t\t\t\t<p>R\u00e9server des documents<\/p>\r\n\t\t\t\t<\/li>\r\n\t\t\t<\/ul>\r\n\t\t\t<div class=\"sub_btn\">\r\n\t\t\t\t<a href=\"\/\/lix.selfip.net\/pmb\/opac_css\/index.php\" target=\"_blank\">Biblioth\u00e8que<\/a>\r\n\t\t\t<\/div>\r\n\t\t\t\r\n\t\t<\/div>\r\n\t<\/div>\r\n\t<div class=\"img_box m_ver\">\r\n\t\t<img src=\"\/image\/library_img01.jpg\" alt=\"\">\r\n\t<\/div>\r\n<\/div>\r\n<br><br>\r\n\r\n<div class=\"sub_tit\" style=\"margin-top:60px;\">\r\n\t<h3>Informations de la biblioth\u00e8que<\/h3>\r\n<\/div>\r\n\r\n<div class=\"online_box library\">\r\n\t<div class=\"txt_box\">\r\n\t\t<div class=\"desc\">\r\n\t\t\t<ul>\r\n\r\n\t\t\t\t<li>\r\n\t\t\t\t\t<span class=\"num poppins\">1<\/span>\r\n\t\t\t\t\t<p>\r\n\t\t\t\t\t\t<strong>Horaires d\u2019ouverture<\/strong><br\/>\r\n\t\t\t\t\t\tDu lundi au vendredi, de 8h30 \u00e0 17h.<br\/>\r\n\t\t\t\t\t\tFermeture entre 11h30 et 12h30.\r\n\t\t\t\t\t<\/p>\r\n\t\t\t\t<\/li>\r\n\r\n<li>\r\n\t<span class=\"num poppins\">2<\/span>\r\n\t<p>\r\n\t\t<strong>R\u00e8glement de la BCD<\/strong>\r\n\t<\/p>\r\n\t<div class=\"sub_btn\" style=\"margin-top:8px;\">\r\n\t\t<a href=\"https:\/\/xavier.sc.kr\/wp\/wp-content\/uploads\/2026\/04\/Reglement-de-la-BCD.pdf\" target=\"_blank\">\r\n\t\tConsulter le document\r\n\t\t<\/a>\r\n\t<\/div>\r\n<\/li>\r\n\r\n<li>\r\n\t<span class=\"num poppins\">3<\/span>\r\n\t<p>\r\n\t\t<strong>R\u00e8glement du CDI<\/strong>\r\n\t<\/p>\r\n\t<div class=\"sub_btn\" style=\"margin-top:8px;\">\r\n\t\t<a href=\"http:\/\/xavier.sc.kr\/wp\/francais\/wp-content\/uploads\/sites\/2\/2026\/04\/CDI-Reglement-2026.pdf\" target=\"_blank\">\r\n\t\tConsulter le document\r\n\t\t<\/a>\r\n\t<\/div>\r\n<\/li>\r\n\r\n<li>\r\n\t<span class=\"num poppins\">4<\/span>\r\n\t<p>\r\n\t\t<strong>Suggestion d\u2019achat de livres<\/strong>\r\n\t<\/p>\r\n\t<div class=\"sub_btn\" style=\"margin-top:8px;\">\r\n\t\t<a href=\"https:\/\/forms.gle\/yYsKqs7hQP3m743b8\" target=\"_blank\">\r\n\t\tProposer un achat\r\n\t\t<\/a>\r\n\t<\/div>\r\n<\/li>\r\n\r\n\t\t\t\t<li>\r\n\t\t\t\t\t<span class=\"num poppins\">5<\/span>\r\n\t\t\t\t\t<p>\r\n\t\t\t\t\t\t<strong>Kiosque orientation<\/strong><br\/>\r\n\t\t\t\t\t\tLe kiosque orientation est un espace d\u00e9di\u00e9 \u00e0 l\u2019information sur les \u00e9tudes sup\u00e9rieures et les m\u00e9tiers. Les \u00e9l\u00e8ves peuvent emprunter les ouvrages des collections ONISEP telles que Parcours qui explore un domaine sous toutes ses facettes (m\u00e9tiers, formations, dipl\u00f4mes, emploi), et Dossiers qui fait le point sur les \u00e9coles, les classes pr\u00e9pa, les m\u00e9tiers et les \u00e9tudes. Des ouvrages pratiques sur Parcoursup sont aussi disponibles pour aider les lyc\u00e9ens \u00e0 constituer leur dossier d\u2019admission et les guider dans le choix des v\u0153ux. \r\n\t\t\t\t\t<\/p>\r\n\t\t\t\t<\/li>\r\n\r\n\t\t\t\t<li>\r\n\t\t\t\t\t<span class=\"num poppins\">6<\/span>\r\n\t\t\t\t\t<p>\r\n\t\t\t\t\t\t<strong>Recherche documentaire<\/strong><br\/>\r\n\t\t\t\t\t\tPour accompagner les \u00e9l\u00e8ves dans leurs recherches documentaires, le CDI propose un carnet de recherche qui permet d\u2019apprendre, d\u00e8s la sixi\u00e8me, \u00e0 ma\u00eetriser les cinq \u00e9tapes essentielles d\u2019une recherche efficace et pertinente. N\u2019h\u00e9sitez pas \u00e0 le demander \u00e0 Mme Blanchard.\r\n\t\t\t\t\t<\/p>\r\n\t\t\t\t<\/li>\r\n\r\n\t\t\t<\/ul>\r\n\t\t<\/div>\r\n\t<\/div>\r\n<\/div>\r\n\r\n<\/div>\r\n<br>\r\n\r\n<div class=\"sub_tit\" style=\"margin-top:60px;\">\r\n\t<h3>Calendrier de la biblioth\u00e8que<\/h3>\r\n<\/div>\r\n\r\n<div style=\"margin-top:40px;\">\r\n    <iframe loading=\"lazy\" \r\n        src=\"https:\/\/calendar.google.com\/calendar\/embed?src=bibliotheque.lix%40mlfmonde.org&ctz=Asia%2FSeoul\"\r\n        style=\"border:0\"\r\n        width=\"100%\"\r\n        height=\"600\"\r\n        frameborder=\"0\"\r\n        scrolling=\"no\">\r\n    <\/iframe>\r\n<\/div>\t\t<\/div>\n\t\t\t\t<\/div>\n\t\t\t\t\t<\/div>\n\t\t<\/div>\n\t\t\t\t\t\t\t<\/div>\n\t\t<\/div>\n\t\t\t\t\t\t<\/div>\n\t\t\t\t\t<\/div>\n\t\t","protected":false},"excerpt":{"rendered":"<p>INFORMATIONS INFORMATIONS Services en ligne GEPI Biblioth\u00e8que Eduka Biblioth\u00e8que 1 Acc\u00e9der \u00e0 votre compte de lecteur (Pour cr\u00e9er un compte, veuillez contacter Madame Blanchard) 2 Effectuer des recherches 3 R\u00e9server des documents Biblioth\u00e8que Informations de la biblioth\u00e8que 1 Horaires d\u2019ouverture Du lundi au vendredi, de 8h30 \u00e0 17h. Fermeture entre 11h30 et 12h30. 2 R\u00e8glement de la BCD Consulter le document 3 R\u00e8glement du CDI Consulter le document 4 Suggestion d\u2019achat de livres Proposer un achat 5 Kiosque orientation Le kiosque orientation est un espace d\u00e9di\u00e9 \u00e0 l\u2019information sur les \u00e9tudes sup\u00e9rieures et les m\u00e9tiers. Les \u00e9l\u00e8ves peuvent emprunter les ouvrages des collections ONISEP telles que Parcours qui explore un domaine sous toutes ses facettes (m\u00e9tiers, formations, dipl\u00f4mes, emploi), et Dossiers qui fait le point sur les \u00e9coles, les classes pr\u00e9pa, les m\u00e9tiers et les \u00e9tudes. Des ouvrages pratiques sur Parcoursup sont aussi disponibles pour aider les lyc\u00e9ens \u00e0 constituer leur dossier d\u2019admission et les guider dans le choix des v\u0153ux. 6 Recherche documentaire Pour accompagner les \u00e9l\u00e8ves dans leurs recherches documentaires, le CDI propose un carnet de recherche qui permet d\u2019apprendre, d\u00e8s la sixi\u00e8me, \u00e0 ma\u00eetriser les cinq \u00e9tapes essentielles d\u2019une recherche efficace et pertinente. N\u2019h\u00e9sitez pas \u00e0 le demander \u00e0 Mme Blanchard. Calendrier de la biblioth\u00e8que<\/p>\n","protected":false},"author":1,"featured_media":0,"parent":0,"menu_order":0,"comment_status":"closed","ping_status":"closed","template":"","meta":[],"_links":{"self":[{"href":"http:\/\/xavier.sc.kr\/wp\/francais\/index.php?rest_route=\/wp\/v2\/pages\/9064"}],"collection":[{"href":"http:\/\/xavier.sc.kr\/wp\/francais\/index.php?rest_route=\/wp\/v2\/pages"}],"about":[{"href":"http:\/\/xavier.sc.kr\/wp\/francais\/index.php?rest_route=\/wp\/v2\/types\/page"}],"author":[{"embeddable":true,"href":"http:\/\/xavier.sc.kr\/wp\/francais\/index.php?rest_route=\/wp\/v2\/users\/1"}],"replies":[{"embeddable":true,"href":"http:\/\/xavier.sc.kr\/wp\/francais\/index.php?rest_route=%2Fwp%2Fv2%2Fcomments&post=9064"}],"version-history":[{"count":31,"href":"http:\/\/xavier.sc.kr\/wp\/francais\/index.php?rest_route=\/wp\/v2\/pages\/9064\/revisions"}],"predecessor-version":[{"id":10578,"href":"http:\/\/xavier.sc.kr\/wp\/francais\/index.php?rest_route=\/wp\/v2\/pages\/9064\/revisions\/10578"}],"wp:attachment":[{"href":"http:\/\/xavier.sc.kr\/wp\/francais\/index.php?rest_route=%2Fwp%2Fv2%2Fmedia&parent=9064"}],"curies":[{"name":"wp","href":"https:\/\/api.w.org\/{rel}","templated":true}]}}