{"id":8534,"date":"2022-04-26T15:18:28","date_gmt":"2022-04-26T06:18:28","guid":{"rendered":"https:\/\/xavier.vizensoft.com\/wp\/francais\/?page_id=8534"},"modified":"2025-05-22T14:46:30","modified_gmt":"2025-05-22T05:46:30","slug":"reseaux","status":"publish","type":"page","link":"http:\/\/xavier.sc.kr\/wp\/francais\/?page_id=8534","title":{"rendered":"R\u00e9seaux"},"content":{"rendered":"\t\t<div data-elementor-type=\"wp-page\" data-elementor-id=\"8534\" class=\"elementor elementor-8534\" data-elementor-settings=\"[]\">\n\t\t\t\t\t\t\t<div class=\"elementor-section-wrap\">\n\t\t\t\t\t\t\t<div class=\"elementor-section elementor-top-section elementor-element elementor-element-0259e15 elementor-section-full_width elementor-section-stretched sub_visual elementor-section-height-default elementor-section-height-default\" data-id=\"0259e15\" data-element_type=\"section\" data-settings=\"{&quot;stretch_section&quot;:&quot;section-stretched&quot;,&quot;background_background&quot;:&quot;classic&quot;}\">\n\t\t\t\t\t\t<div class=\"elementor-container elementor-column-gap-default\">\n\t\t\t\t\t<div class=\"elementor-column elementor-col-100 elementor-top-column elementor-element elementor-element-488241c\" data-id=\"488241c\" data-element_type=\"column\">\n\t\t\t<div class=\"elementor-widget-wrap elementor-element-populated\">\n\t\t\t\t\t\t\t\t<div class=\"elementor-element elementor-element-dc44fb2 elementor-widget elementor-widget-heading\" data-id=\"dc44fb2\" data-element_type=\"widget\" data-widget_type=\"heading.default\">\n\t\t\t\t<div class=\"elementor-widget-container\">\n\t\t\t<style>\/*! elementor - v3.5.5 - 03-02-2022 *\/\n.elementor-heading-title{padding:0;margin:0;line-height:1}.elementor-widget-heading .elementor-heading-title[class*=elementor-size-]>a{color:inherit;font-size:inherit;line-height:inherit}.elementor-widget-heading .elementor-heading-title.elementor-size-small{font-size:15px}.elementor-widget-heading .elementor-heading-title.elementor-size-medium{font-size:19px}.elementor-widget-heading .elementor-heading-title.elementor-size-large{font-size:29px}.elementor-widget-heading .elementor-heading-title.elementor-size-xl{font-size:39px}.elementor-widget-heading .elementor-heading-title.elementor-size-xxl{font-size:59px}<\/style><h2 class=\"elementor-heading-title elementor-size-default\">\u00c9TABLISSEMENT<\/h2>\t\t<\/div>\n\t\t\t\t<\/div>\n\t\t\t\t<div class=\"elementor-element elementor-element-5c4cfb9 elementor-widget elementor-widget-html\" data-id=\"5c4cfb9\" data-element_type=\"widget\" data-widget_type=\"html.default\">\n\t\t\t\t<div class=\"elementor-widget-container\">\n\t\t\t<div class=\"sub_path\">\n    <a class=\"home\" href=\"\/wp\/francais\/\">\n        <img src=\"\/image\/sub_visual_home_btn.png\"\/>\n    <\/a>\n    <div class=\"depth01\">\n        <p>\u00c9TABLISSEMENT<\/p>\n    <\/div>\n    <div class=\"depth02\">\n        <p>R\u00e9seaux<\/p>\n    <\/div>\n<\/div>\t\t<\/div>\n\t\t\t\t<\/div>\n\t\t\t\t\t<\/div>\n\t\t<\/div>\n\t\t\t\t\t\t\t<\/div>\n\t\t<\/div>\n\t\t\t\t<section class=\"elementor-section elementor-top-section elementor-element elementor-element-0424591 elementor-section-boxed elementor-section-height-default elementor-section-height-default\" data-id=\"0424591\" data-element_type=\"section\">\n\t\t\t\t\t\t<div class=\"elementor-container elementor-column-gap-default\">\n\t\t\t\t\t<div class=\"elementor-column elementor-col-100 elementor-top-column elementor-element elementor-element-fed8ae1\" data-id=\"fed8ae1\" data-element_type=\"column\">\n\t\t\t<div class=\"elementor-widget-wrap elementor-element-populated\">\n\t\t\t\t\t\t\t\t<div class=\"elementor-section elementor-inner-section elementor-element elementor-element-880c144 foundation_con01 elementor-section-boxed elementor-section-height-default elementor-section-height-default\" data-id=\"880c144\" data-element_type=\"section\">\n\t\t\t\t\t\t<div class=\"elementor-container elementor-column-gap-default\">\n\t\t\t\t\t<div class=\"elementor-column elementor-col-100 elementor-inner-column elementor-element elementor-element-28ea95e\" data-id=\"28ea95e\" data-element_type=\"column\">\n\t\t\t<div class=\"elementor-widget-wrap elementor-element-populated\">\n\t\t\t\t\t\t\t\t<div class=\"elementor-element elementor-element-e63d768 elementor-widget elementor-widget-html\" data-id=\"e63d768\" data-element_type=\"widget\" data-widget_type=\"html.default\">\n\t\t\t\t<div class=\"elementor-widget-container\">\n\t\t\t<div class=\"sub_tit\">\r\n    <h3>R\u00e9seaux<\/h3>\r\n    <h5>R\u00e9seau Dani\u00e9lou<\/h5>\r\n<\/div>\r\n<div class=\"desc\">\r\n    <p>Le LIX fait partie de <b>3 r\u00e9seaux scolaires<\/b> :<\/p>\r\n<\/div>\r\n<div class=\"list_box01\">\r\n    <ul>\r\n        <li>\r\n            <div class=\"num\">\r\n                <div class=\"t_box\">\r\n                    <span class=\"poppins\">01<\/span>\r\n                <\/div>\r\n            <\/div>\r\n            <div class=\"txt\">\r\n                <div class=\"t_box\">\r\n                    <div class=\"tc_box\">\r\n                        <p class=\"poppins\">Agence pour l\u2019Enseignement Fran\u00e7ais \u00e0 l\u2019\u00c9tranger (AEFE)<\/p>\r\n                        <span>\r\n                            L'AEFE comporte 402 \u00e9tablissements. Il date de 1990. <br\/>\r\n                            C\u2019est le r\u00e9seau principal des \u00e9coles fran\u00e7aises \u00e0 l\u2019\u00e9tranger et il a pour but principal de scolariser les expatri\u00e9s.\r\n                        <\/span>\r\n                    <\/div>\r\n                <\/div>\r\n            <\/div>\r\n            <div class=\"img\">\r\n                <img src=\"\/image\/foundation_con01_img01.jpg\"\/>\r\n            <\/div>\r\n        <\/li>\r\n        <li>\r\n            <div class=\"num\">\r\n                <div class=\"t_box\">\r\n                    <span class=\"poppins\">02<\/span>\r\n                <\/div>\r\n            <\/div>\r\n            <div class=\"txt\">\r\n                <div class=\"t_box\">\r\n                    <div class=\"tc_box\">\r\n                        <p class=\"poppins\">Mission La\u00efque Fran\u00e7aise (MLF)<\/p>\r\n                        <span>\r\n                             La MLF, association fond\u00e9e en 1902, comporte 109 \u00e9tablissements et <br\/>\r\n                             sa devise est : \u00ab deux cultures, trois langues \u00bb. Elle correspond bien au profil de nos \u00e9l\u00e8ves <br\/> \r\n                             parce qu\u2019elle porte une attention particuli\u00e8re \u00e0 la culture du pays d\u2019accueil.\r\n                        <\/span>\r\n                    <\/div>>\r\n                <\/div>\r\n            <\/div>\r\n            <div class=\"img\">\r\n                <img src=\"\/image\/foundation_con01_img02.jpg\"\/>\r\n            <\/div>\r\n        <\/li>\r\n        <li>\r\n            <div class=\"num\">\r\n                <div class=\"t_box\">\r\n                    <span class=\"poppins\">03<\/span>\r\n                <\/div>\r\n            <\/div>\r\n            <div class=\"txt\">\r\n                <div class=\"t_box\">\r\n                    <div class=\"tc_box\">\r\n                        <p class=\"poppins\">Dani\u00e9lou<\/p>\r\n                        <span>\r\n                            Le r\u00e9seau le plus important pour le LIX, celui qui est \u00e0 la source du projet \u00e9ducatif du LIX et <br\/>\r\n                            qui est g\u00e9r\u00e9 par la communaut\u00e9 Saint Fran\u00e7ois-Xavier, est le r\u00e9seau des \u00e9tablissements Dani\u00e9lou. <br\/>\r\n                            Il comporte aujourd\u2019hui 7 \u00e9tablissements scolaires dans trois pays, la France, la Cote d\u2019Ivoire et la Cor\u00e9e, <br\/>\r\n                            chacun ayant son caract\u00e8re propre selon sa localisation. Ces \u00e9tablissements sont parfois tr\u00e8s anciens.\r\n                        <\/span>\r\n                    <\/div>\r\n                <\/div>\r\n            <\/div>\r\n            <div class=\"img\">\r\n                <img src=\"\/image\/foundation_con01_img03.jpg\"\/>\r\n            <\/div>\r\n        <\/li>\r\n    <\/ul>\r\n<\/div>\r\n<div class=\"list_box02\">\r\n    <ul>\r\n        <li>\r\n            <div class=\"tit\">\r\n                <div class=\"img\">\r\n                    <img src=\"\/image\/foundation_con01_img04.jpg\"\/>\r\n                <\/div>\r\n                <div class=\"txt\">\r\n                    <div class=\"t_box\">\r\n                        <p>\r\n                            Sainte-Marie \u00e0 <br class=\"pc_only\"\/>Neuilly-sur-Seine (92)\r\n                        <\/p>\r\n                    <\/div>\r\n                <\/div>\r\n            <\/div>\r\n            <div class=\"cont\">\r\n                <span>\r\n                    C'est le premier \u00e9tablissement du r\u00e9seau, <br\/>\r\n                    fond\u00e9 par Madeleine Dani\u00e9lou en 1913. <br\/>\r\n                    Il scolarise 1300 \u00e9l\u00e8ves de l\u2019\u00e9cole primaire <br\/>\r\n                    aux classes pr\u00e9paratoires litt\u00e9raires. \r\n                <\/span>\r\n            <\/div>\r\n        <\/li>\r\n        <li>\r\n            <div class=\"tit\">\r\n                <div class=\"img\">\r\n                    <img src=\"\/image\/foundation_con01_img05.jpg\"\/>\r\n                <\/div>\r\n                <div class=\"txt\">\r\n                    <div class=\"t_box\">\r\n                        <p>\r\n                            Charles-P\u00e9guy <br class=\"pc_only\"\/>\u00e0 Bobigny (93)\r\n                        <\/p>\r\n                    <\/div>\r\n                <\/div>\r\n            <\/div>\r\n            <div class=\"cont\">\r\n                <span>\r\n                    Il est fond\u00e9 en 1936 dans une banlieue d\u00e9favoris\u00e9e. <br\/>\r\n                    Il scolarise actuellement 750 \u00e9l\u00e8ves du primaire au lyc\u00e9e.\r\n                <\/span>\r\n            <\/div>\r\n        <\/li>\r\n        <li>\r\n            <div class=\"tit\">\r\n                <div class=\"img\">\r\n                    <img src=\"\/image\/foundation_con01_img06.jpg\"\/>\r\n                <\/div>\r\n                <div class=\"txt\">\r\n                    <div class=\"t_box\">\r\n                        <p>\r\n                            Le Centre <br class=\"pc_only\"\/>Madeleine Dani\u00e9lou <br class=\"pc_only\"\/>\u00e0 Rueil-Malmaison (92)\r\n                        <\/p>\r\n                    <\/div>\r\n                <\/div>\r\n            <\/div>\r\n            <div class=\"cont\">\r\n                <span>\r\n                    Le CMD, \u00e9tablissement datant de 1938 \u00e0 Paris et <br\/>\r\n                    transf\u00e9r\u00e9 \u00e0 Rueil-Malmaison (92) depuis 1970. <br\/>\r\n                    Il scolarise 1400 \u00e9l\u00e8ves du coll\u00e8ge  <br\/>\r\n                    aux classes pr\u00e9paratoires litt\u00e9raires et commerciales. \r\n                <\/span>\r\n            <\/div>\r\n        <\/li>\r\n        <li>\r\n            <div class=\"tit\">\r\n                <div class=\"img\">\r\n                    <img src=\"\/image\/foundation_con01_img07.jpg\"\/>\r\n                <\/div>\r\n                <div class=\"txt\">\r\n                    <div class=\"t_box\">\r\n                        <p>\r\n                            Charles-P\u00e9guy \u00e0 Paris (XI)\r\n                        <\/p>\r\n                    <\/div>\r\n                <\/div>\r\n            <\/div>\r\n            <div class=\"cont\">\r\n                <span>\r\n                    Il est fond\u00e9 en 1941. Il scolarise du primaire <br\/>\r\n                    au secondaire et comporte en plus la pr\u00e9paration <br\/>\r\n                    au BTS Commerce international.\r\n                <\/span>\r\n            <\/div>\r\n        <\/li>\r\n        <li>\r\n            <div class=\"tit\">\r\n                <div class=\"img\">\r\n                    <img src=\"\/image\/foundation_con01_img08.jpg\"\/>\r\n                <\/div>\r\n                <div class=\"txt\">\r\n                    <div class=\"t_box\">\r\n                        <p>\r\n                            Sainte-Marie \u00e0 Abidjan <br class=\"pc_only\"\/>en C\u00f4te d\u2019Ivoire\r\n                        <\/p>\r\n                    <\/div>\r\n                <\/div>\r\n            <\/div>\r\n            <div class=\"cont\">\r\n                <span>\r\n                    Il a \u00e9t\u00e9 cr\u00e9\u00e9 en 1962 par la communaut\u00e9 <br\/>\r\n                    Saint Fran\u00e7ois-Xavier \u00e0 la demande du gouvernement de C\u00f4te d\u2019Ivoire. C\u2019est un lyc\u00e9e public pour filles.\r\n                <\/span>\r\n            <\/div>\r\n        <\/li>\r\n        <li>\r\n            <div class=\"tit\">\r\n                <div class=\"img\">\r\n                    <img src=\"\/image\/foundation_con01_img09.jpg\"\/>\r\n                <\/div>\r\n                <div class=\"txt\">\r\n                    <div class=\"t_box\">\r\n                        <p>\r\n                            Le Groupe Scolaire <br class=\"pc_only\"\/>Madeleine-Dani\u00e9lou <br class=\"pc_only\"\/>\u00e0 Bingerville <br class=\"pc_only\"\/>en C\u00f4te d\u2019Ivoire\r\n                        <\/p>\r\n                    <\/div>\r\n                <\/div>\r\n            <\/div>\r\n            <div class=\"cont\">\r\n                <span>\r\n                   Il a ouvert ses portes de la maternelle au lyc\u00e9e <br\/>\r\n                   \u00e0 la rentr\u00e9e 2020 \u00e0 Bingerville.\r\n                <\/span>\r\n            <\/div>\r\n        <\/li>\r\n        <li>\r\n            <div class=\"tit\">\r\n                <div class=\"img\">\r\n                    <img src=\"\/image\/foundation_con01_img10.jpg\"\/>\r\n                <\/div>\r\n                <div class=\"txt\">\r\n                    <div class=\"t_box\">\r\n                        <p>\r\n                            Lyc\u00e9e International Xavier\r\n                        <\/p>\r\n                    <\/div>\r\n                <\/div>\r\n            <\/div>\r\n            <div class=\"cont\">\r\n                <span>\r\n                    Il a \u00e9t\u00e9 cr\u00e9\u00e9 en mars 2002 \u00e0 S\u00e9oul en Cor\u00e9e du sud. <br\/>\r\n                    Il accueille des \u00e9l\u00e8ves de la maternelle \u00e0 la terminale.\r\n                <\/span>\r\n            <\/div>\r\n        <\/li>\r\n    <\/ul>\r\n<\/div>\t\t<\/div>\n\t\t\t\t<\/div>\n\t\t\t\t\t<\/div>\n\t\t<\/div>\n\t\t\t\t\t\t\t<\/div>\n\t\t<\/div>\n\t\t\t\t\t<\/div>\n\t\t<\/div>\n\t\t\t\t\t\t\t<\/div>\n\t\t<\/section>\n\t\t\t\t\t\t<\/div>\n\t\t\t\t\t<\/div>\n\t\t","protected":false},"excerpt":{"rendered":"<p>\u00c9TABLISSEMENT \u00c9TABLISSEMENT R\u00e9seaux R\u00e9seaux R\u00e9seau Dani\u00e9lou Le LIX fait partie de 3 r\u00e9seaux scolaires : 01 Agence pour l\u2019Enseignement Fran\u00e7ais \u00e0 l\u2019\u00c9tranger (AEFE) L&rsquo;AEFE comporte 402 \u00e9tablissements. Il date de 1990. C\u2019est le r\u00e9seau principal des \u00e9coles fran\u00e7aises \u00e0 l\u2019\u00e9tranger et il a pour but principal de scolariser les expatri\u00e9s. 02 Mission La\u00efque Fran\u00e7aise (MLF) La MLF, association fond\u00e9e en 1902, comporte 109 \u00e9tablissements et sa devise est : \u00ab deux cultures, trois langues \u00bb. Elle correspond bien au profil de nos \u00e9l\u00e8ves parce qu\u2019elle porte une attention particuli\u00e8re \u00e0 la culture du pays d\u2019accueil. > 03 Dani\u00e9lou Le r\u00e9seau le plus important pour le LIX, celui qui est \u00e0 la source du projet \u00e9ducatif du LIX et qui est g\u00e9r\u00e9 par la communaut\u00e9 Saint Fran\u00e7ois-Xavier, est le r\u00e9seau des \u00e9tablissements Dani\u00e9lou. Il comporte aujourd\u2019hui 7 \u00e9tablissements scolaires dans trois pays, la France, la Cote d\u2019Ivoire et la Cor\u00e9e, chacun ayant son caract\u00e8re propre selon sa localisation. Ces \u00e9tablissements sont parfois tr\u00e8s anciens. Sainte-Marie \u00e0 Neuilly-sur-Seine (92) C&rsquo;est le premier \u00e9tablissement du r\u00e9seau, fond\u00e9 par Madeleine Dani\u00e9lou en 1913. Il scolarise 1300 \u00e9l\u00e8ves de l\u2019\u00e9cole primaire aux classes pr\u00e9paratoires litt\u00e9raires. Charles-P\u00e9guy \u00e0 Bobigny (93) Il est fond\u00e9 en 1936 dans une banlieue d\u00e9favoris\u00e9e. Il scolarise actuellement 750 \u00e9l\u00e8ves du primaire au lyc\u00e9e. Le Centre Madeleine Dani\u00e9lou \u00e0 Rueil-Malmaison (92) Le CMD, \u00e9tablissement datant de 1938 \u00e0 Paris et transf\u00e9r\u00e9 \u00e0 Rueil-Malmaison (92) depuis 1970. Il scolarise 1400 \u00e9l\u00e8ves du coll\u00e8ge aux classes pr\u00e9paratoires litt\u00e9raires et commerciales. Charles-P\u00e9guy \u00e0 Paris (XI) Il est fond\u00e9 en 1941. Il scolarise du primaire au secondaire et comporte en plus la pr\u00e9paration au BTS Commerce international. Sainte-Marie \u00e0 Abidjan en C\u00f4te d\u2019Ivoire Il a \u00e9t\u00e9 cr\u00e9\u00e9 en 1962 par la communaut\u00e9 Saint Fran\u00e7ois-Xavier \u00e0 la demande du gouvernement de C\u00f4te d\u2019Ivoire. C\u2019est un lyc\u00e9e public pour filles. Le Groupe Scolaire Madeleine-Dani\u00e9lou \u00e0 Bingerville en C\u00f4te d\u2019Ivoire Il a ouvert ses portes de la maternelle au lyc\u00e9e \u00e0 la rentr\u00e9e 2020 \u00e0 Bingerville. Lyc\u00e9e International Xavier Il a \u00e9t\u00e9 cr\u00e9\u00e9 en mars 2002 \u00e0 S\u00e9oul en Cor\u00e9e du sud. Il accueille des \u00e9l\u00e8ves de la maternelle \u00e0 la terminale.<\/p>\n","protected":false},"author":1,"featured_media":0,"parent":0,"menu_order":0,"comment_status":"closed","ping_status":"closed","template":"","meta":[],"_links":{"self":[{"href":"http:\/\/xavier.sc.kr\/wp\/francais\/index.php?rest_route=\/wp\/v2\/pages\/8534"}],"collection":[{"href":"http:\/\/xavier.sc.kr\/wp\/francais\/index.php?rest_route=\/wp\/v2\/pages"}],"about":[{"href":"http:\/\/xavier.sc.kr\/wp\/francais\/index.php?rest_route=\/wp\/v2\/types\/page"}],"author":[{"embeddable":true,"href":"http:\/\/xavier.sc.kr\/wp\/francais\/index.php?rest_route=\/wp\/v2\/users\/1"}],"replies":[{"embeddable":true,"href":"http:\/\/xavier.sc.kr\/wp\/francais\/index.php?rest_route=%2Fwp%2Fv2%2Fcomments&post=8534"}],"version-history":[{"count":49,"href":"http:\/\/xavier.sc.kr\/wp\/francais\/index.php?rest_route=\/wp\/v2\/pages\/8534\/revisions"}],"predecessor-version":[{"id":10109,"href":"http:\/\/xavier.sc.kr\/wp\/francais\/index.php?rest_route=\/wp\/v2\/pages\/8534\/revisions\/10109"}],"wp:attachment":[{"href":"http:\/\/xavier.sc.kr\/wp\/francais\/index.php?rest_route=%2Fwp%2Fv2%2Fmedia&parent=8534"}],"curies":[{"name":"wp","href":"https:\/\/api.w.org\/{rel}","templated":true}]}}